{"id":477978,"date":"2024-04-10T00:57:26","date_gmt":"2024-04-09T22:57:26","guid":{"rendered":"https:\/\/schuhewiebarfuss.at\/shop\/produkt\/kammmolch\/"},"modified":"2026-04-15T01:45:07","modified_gmt":"2026-04-14T23:45:07","slug":"kammmolch","status":"publish","type":"product","link":"https:\/\/schuhewiebarfuss.at\/shop\/produkt\/kammmolch\/","title":{"rendered":"Kammmolch"},"content":{"rendered":"<p>Die Sandale KAMMMOLCH sogt gleichzeitig f\u00fcr Schutz und Bel\u00fcftung der Kinderf\u00fc\u00dfe an warmen Sommertagen. Die Kombination aus gewachstem Bioleder und Biobaumwolle ergeben einen robusten Schuh mit hoher Atmungsaktivit\u00e4t. Mit dem pflanzlich gegerbten Leder als Innenfutter ist ein gutes Fu\u00dfklima garantiert! Die Sohle wird nach dem ersten Eintragen (oder elterlichem Kneten \ud83d\ude09 ) noch weicher und bietet deinem Kind gute Flexibilit\u00e4t in alle Richtungen f\u00fcr eine optimale Fu\u00dfentwicklung. Mit dem Klettverschluss ist der Schuh schnell am Fu\u00df und auch schon f\u00fcr die Kleinsten selbstst\u00e4ndig an- und ausziehbar. F\u00fcr normalbreite bis schmale F\u00fc\u00dfe ist der nachhaltig produzierte KAMMOLCH eine tolle Wahl.<\/p>\n<p><b>Audio-Beschreibung<\/b><br \/><audio controls src=\"https:\/\/schuhewiebarfuss.at\/shop\/wp-content\/uploads\/lk\/6015_audio.wav\"><br \/>\n                                            Ihr Browser unterst\u00fctzt diese Audio-Ausgabe leider nicht.<br \/>\n                                            <\/ audio ><\/p>\n","protected":false},"excerpt":{"rendered":"<p>Obermaterial: Bioleder \/ Textil<br \/>\nInnenmaterial: Weiches Bioleder (pflanzlich gegerbt)<br \/>\nSohle: 70\/30 synth. Kautschuk\/Kork<br \/>\nVerschlussart: Klettverschluss <\/p>\n","protected":false},"featured_media":477977,"comment_status":"open","ping_status":"closed","template":"","meta":[],"product_brand":[],"product_cat":[3121],"product_tag":[1479,1570,1481,1600,1385,1390,1391,1392,1393,1394,1395,1396,1397,1398,1399,1400,1401,1402,1403,1404,2447,1450],"class_list":{"0":"post-477978","1":"product","2":"type-product","3":"status-publish","4":"has-post-thumbnail","6":"product_cat-sale","7":"product_tag-farbe-blau","8":"product_tag-farbe-gruen","9":"product_tag-farbe-pink","10":"product_tag-farbe-rot","11":"product_tag-groesse-20","12":"product_tag-groesse-21","13":"product_tag-groesse-22","14":"product_tag-groesse-23","15":"product_tag-groesse-24","16":"product_tag-groesse-25","17":"product_tag-groesse-26","18":"product_tag-groesse-27","19":"product_tag-groesse-28","20":"product_tag-groesse-29","21":"product_tag-groesse-30","22":"product_tag-groesse-31","23":"product_tag-groesse-32","24":"product_tag-groesse-33","25":"product_tag-groesse-34","26":"product_tag-groesse-35","27":"product_tag-marke-blifestyle","28":"product_tag-sale","30":"first","31":"instock","32":"sale","33":"taxable","34":"shipping-taxable","35":"purchasable","36":"product-type-variable"},"_links":{"self":[{"href":"https:\/\/schuhewiebarfuss.at\/shop\/wp-json\/wp\/v2\/product\/477978","targetHints":{"allow":["GET"]}}],"collection":[{"href":"https:\/\/schuhewiebarfuss.at\/shop\/wp-json\/wp\/v2\/product"}],"about":[{"href":"https:\/\/schuhewiebarfuss.at\/shop\/wp-json\/wp\/v2\/types\/product"}],"replies":[{"embeddable":true,"href":"https:\/\/schuhewiebarfuss.at\/shop\/wp-json\/wp\/v2\/comments?post=477978"}],"wp:featuredmedia":[{"embeddable":true,"href":"https:\/\/schuhewiebarfuss.at\/shop\/wp-json\/wp\/v2\/media\/477977"}],"wp:attachment":[{"href":"https:\/\/schuhewiebarfuss.at\/shop\/wp-json\/wp\/v2\/media?parent=477978"}],"wp:term":[{"taxonomy":"product_brand","embeddable":true,"href":"https:\/\/schuhewiebarfuss.at\/shop\/wp-json\/wp\/v2\/product_brand?post=477978"},{"taxonomy":"product_cat","embeddable":true,"href":"https:\/\/schuhewiebarfuss.at\/shop\/wp-json\/wp\/v2\/product_cat?post=477978"},{"taxonomy":"product_tag","embeddable":true,"href":"https:\/\/schuhewiebarfuss.at\/shop\/wp-json\/wp\/v2\/product_tag?post=477978"}],"curies":[{"name":"wp","href":"https:\/\/api.w.org\/{rel}","templated":true}]}}