{"id":477374,"date":"2024-04-09T21:52:14","date_gmt":"2024-04-09T19:52:14","guid":{"rendered":"https:\/\/schuhewiebarfuss.at\/shop\/produkt\/fx-trainer-6-leder-schwarz\/"},"modified":"2026-02-28T18:30:50","modified_gmt":"2026-02-28T17:30:50","slug":"fx-trainer-6-leder-schwarz","status":"publish","type":"product","link":"https:\/\/schuhewiebarfuss.at\/shop\/produkt\/fx-trainer-6-leder-schwarz\/","title":{"rendered":"FX Trainer 6 Leder Schwarz"},"content":{"rendered":"<p>FX Trainer 6, der Klassiker der Sole Runner Kollektion ist seit 2011 im Programm und steht jetzt in der 6. Generation zur Verf\u00fcgung. Das Obermaterial\u00a0besteht aus sehr weichem Leder.\u00a0\u00a0<br \/>\nL\u00e4nge und Weite des Schuhs sind identisch. Dieses Modell verf\u00fcgt \u00fcber die neue gen\u00e4hte 6mm Profil Laufsohle.\u00a0\u00a0<br \/>\nMit seinem elastischen Verschluss und dem Gummizug \u00fcber dem Spann sitzt der Schuh sicher am Fu\u00df.<br \/>\nDabei st\u00fctzt er nicht und erm\u00f6glicht somit ein gesch\u00fctztes barfu\u00df laufen, fast wie auf der eigenen Fu\u00dfsohle.<br \/>\nDiesem Artikel liegt kostenlos eine Einlegesohle bei.<\/p>\n<p><b>Audio-Beschreibung<\/b><br \/><audio controls src=\"https:\/\/schuhewiebarfuss.at\/shop\/wp-content\/uploads\/lk\/5140_audio.wav\"><br \/>\n                                            Ihr Browser unterst\u00fctzt diese Audio-Ausgabe leider nicht.<br \/>\n                                            <\/ audio ><\/p>\n","protected":false},"excerpt":{"rendered":"<p>Obermaterial: Leder, hydrophobiert (Wasser abweisend)<br \/>\nInnenfutter:\u00a0Kunstfaser<br \/>\nEinlegesohle:\u00a0herausnehmbar<br \/>\nVerschluss: Funktioneller Verschluss: Gummizug und Klettverschluss<br \/>\nForm: Extraweit f\u00fcr kr\u00e4ftige F\u00fc\u00dfe. Vorn weit geschnitten. Die Zehen haben optimale Bewegungsfreiheit<br \/>\nGewicht:\u00a0ca. 260 gr. Gr. 39\/Paar, ca. 300 gr. Gr. 41\/Paar<br \/>\nLaufsohle:\u00a0ca. 6\u00a0mm Gummi, Non Marking (nicht abf\u00e4rbend).<\/p>\n","protected":false},"featured_media":477373,"comment_status":"open","ping_status":"closed","template":"","meta":[],"product_brand":[],"product_cat":[851],"product_tag":[1362,1368,1373,1374,1375,1376,1377,1378,1379,1380,1381,1449,2449,1360],"class_list":{"0":"post-477374","1":"product","2":"type-product","3":"status-publish","4":"has-post-thumbnail","6":"product_cat-lifestyle-3","7":"product_tag-groesse-36","8":"product_tag-groesse-37","9":"product_tag-groesse-38","10":"product_tag-groesse-39","11":"product_tag-groesse-40","12":"product_tag-groesse-41","13":"product_tag-groesse-42","14":"product_tag-groesse-43","15":"product_tag-groesse-44","16":"product_tag-groesse-45","17":"product_tag-groesse-46","18":"product_tag-groesse-47","19":"product_tag-marke-sole-runner","20":"product_tag-standard","22":"first","23":"instock","24":"taxable","25":"shipping-taxable","26":"purchasable","27":"product-type-variable"},"_links":{"self":[{"href":"https:\/\/schuhewiebarfuss.at\/shop\/wp-json\/wp\/v2\/product\/477374","targetHints":{"allow":["GET"]}}],"collection":[{"href":"https:\/\/schuhewiebarfuss.at\/shop\/wp-json\/wp\/v2\/product"}],"about":[{"href":"https:\/\/schuhewiebarfuss.at\/shop\/wp-json\/wp\/v2\/types\/product"}],"replies":[{"embeddable":true,"href":"https:\/\/schuhewiebarfuss.at\/shop\/wp-json\/wp\/v2\/comments?post=477374"}],"wp:featuredmedia":[{"embeddable":true,"href":"https:\/\/schuhewiebarfuss.at\/shop\/wp-json\/wp\/v2\/media\/477373"}],"wp:attachment":[{"href":"https:\/\/schuhewiebarfuss.at\/shop\/wp-json\/wp\/v2\/media?parent=477374"}],"wp:term":[{"taxonomy":"product_brand","embeddable":true,"href":"https:\/\/schuhewiebarfuss.at\/shop\/wp-json\/wp\/v2\/product_brand?post=477374"},{"taxonomy":"product_cat","embeddable":true,"href":"https:\/\/schuhewiebarfuss.at\/shop\/wp-json\/wp\/v2\/product_cat?post=477374"},{"taxonomy":"product_tag","embeddable":true,"href":"https:\/\/schuhewiebarfuss.at\/shop\/wp-json\/wp\/v2\/product_tag?post=477374"}],"curies":[{"name":"wp","href":"https:\/\/api.w.org\/{rel}","templated":true}]}}