{"id":477135,"date":"2024-04-09T20:36:38","date_gmt":"2024-04-09T18:36:38","guid":{"rendered":"https:\/\/schuhewiebarfuss.at\/shop\/produkt\/namib-herren-leder-hellbraun\/"},"modified":"2026-02-28T17:56:48","modified_gmt":"2026-02-28T16:56:48","slug":"namib-herren-leder-hellbraun","status":"publish","type":"product","link":"https:\/\/schuhewiebarfuss.at\/shop\/produkt\/namib-herren-leder-hellbraun\/","title":{"rendered":"Namib Herren Leder Hellbraun"},"content":{"rendered":"<p>Der auf Vielseitigkeit ausgelegte NAMIB ist ein sehr bequemer und guter Schuh!<\/p>\n<p>Ihre F\u00fc\u00dfe k\u00f6nnen sich barfu\u00df bewegen und Sie haben absolute Flexibilit\u00e4t. Die flexible Sohle und das Obermaterial sorgen f\u00fcr eine nat\u00fcrliche Bewegungskontrolle. Namib ist mit Blick auf den Fu\u00df gebaut; Die Zehenbox ist sch\u00f6n breit und gibt den Zehen den Platz, den sie brauchen (das hilft auch an den k\u00e4ltesten Tagen und l\u00e4sst die F\u00fc\u00dfe warm bleiben).<\/p>\n<p>Die ultrad\u00fcnne Sohle ist von der Ferse bis zu den Zehen komplett flach, sodass das Fu\u00dfgew\u00f6lbe ganz nat\u00fcrlich funktionieren kann. Entdecken Sie Ihre Umgebung den ganzen Tag neu, jeden Tag mit Namib!<\/p>\n<p><b>Audio-Beschreibung<\/b><br \/><audio controls src=\"https:\/\/schuhewiebarfuss.at\/shop\/wp-content\/uploads\/lk\/4925_audio.wav\"><br \/>\n                                            Ihr Browser unterst\u00fctzt diese Audio-Ausgabe leider nicht.<br \/>\n                                            <\/ audio ><\/p>\n","protected":false},"excerpt":{"rendered":"<p> Obermaterial: Kamelleder<br \/>\n Metallringe zum leichteren Schn\u00fcren<br \/>\n Einlegesohle: herausnehmbare Korkeinlage<br \/>\n Sohle: strapazierf\u00e4hig, erm\u00f6glicht maximales sensorisches Feedback auf harten, flachen Oberfl\u00e4chen, nur 4,5 mm dick, bietet maximale Propriozeption und Schutz<br \/>\n verst\u00e4rkte Ferse, leicht verst\u00e4rkter Bereich um den Kn\u00f6chel<br \/>\n Bindung: runde Baumwollschn\u00fcrsenkel + verstellbarer Nylonriemen,  Metallringe zum leichteren Schn\u00fcren<\/p>\n","protected":false},"featured_media":477134,"comment_status":"open","ping_status":"closed","template":"","meta":[],"product_brand":[],"product_cat":[3121],"product_tag":[1375,1376,1377,1378,1379,1380,1381,1449,2451,1450],"class_list":{"0":"post-477135","1":"product","2":"type-product","3":"status-publish","4":"has-post-thumbnail","6":"product_cat-sale","7":"product_tag-groesse-40","8":"product_tag-groesse-41","9":"product_tag-groesse-42","10":"product_tag-groesse-43","11":"product_tag-groesse-44","12":"product_tag-groesse-45","13":"product_tag-groesse-46","14":"product_tag-groesse-47","15":"product_tag-marke-vivobarefoot","16":"product_tag-sale","18":"first","19":"instock","20":"taxable","21":"shipping-taxable","22":"purchasable","23":"product-type-variable"},"_links":{"self":[{"href":"https:\/\/schuhewiebarfuss.at\/shop\/wp-json\/wp\/v2\/product\/477135","targetHints":{"allow":["GET"]}}],"collection":[{"href":"https:\/\/schuhewiebarfuss.at\/shop\/wp-json\/wp\/v2\/product"}],"about":[{"href":"https:\/\/schuhewiebarfuss.at\/shop\/wp-json\/wp\/v2\/types\/product"}],"replies":[{"embeddable":true,"href":"https:\/\/schuhewiebarfuss.at\/shop\/wp-json\/wp\/v2\/comments?post=477135"}],"wp:featuredmedia":[{"embeddable":true,"href":"https:\/\/schuhewiebarfuss.at\/shop\/wp-json\/wp\/v2\/media\/477134"}],"wp:attachment":[{"href":"https:\/\/schuhewiebarfuss.at\/shop\/wp-json\/wp\/v2\/media?parent=477135"}],"wp:term":[{"taxonomy":"product_brand","embeddable":true,"href":"https:\/\/schuhewiebarfuss.at\/shop\/wp-json\/wp\/v2\/product_brand?post=477135"},{"taxonomy":"product_cat","embeddable":true,"href":"https:\/\/schuhewiebarfuss.at\/shop\/wp-json\/wp\/v2\/product_cat?post=477135"},{"taxonomy":"product_tag","embeddable":true,"href":"https:\/\/schuhewiebarfuss.at\/shop\/wp-json\/wp\/v2\/product_tag?post=477135"}],"curies":[{"name":"wp","href":"https:\/\/api.w.org\/{rel}","templated":true}]}}