{"id":476698,"date":"2024-04-09T19:32:36","date_gmt":"2024-04-09T17:32:36","guid":{"rendered":"https:\/\/schuhewiebarfuss.at\/shop\/produkt\/primus-trio-herren\/"},"modified":"2026-03-01T07:21:45","modified_gmt":"2026-03-01T06:21:45","slug":"primus-trio-herren","status":"publish","type":"product","link":"https:\/\/schuhewiebarfuss.at\/shop\/produkt\/primus-trio-herren\/","title":{"rendered":"Primus Trio Herren"},"content":{"rendered":"<p>Primus Trio ist unser neuer Premium-Performanceschuh, der raffiniert aus drei Materialien gefertigt ist. Vorne macht ein luftiges, weiches Mesh den Schuh besonders flexibel und atmungsaktiv. An der Au\u00dfenseite sorgt robustes Pittards Wild Hide Leder f\u00fcr eine hochwertige Optik, an der Innenseite rundet das hochwertige Pittards Nubukleder die Trio Optik ab. Primus Trio wird dein neuer Begleiter f\u00fcr jede Aktivit\u00e4t und du kannst stets sicher sein, dass deine F\u00fc\u00dfe maximales Barfu\u00df- und Freiheitsgef\u00fchl genie\u00dfen. Dieses Modell vereint die unverwechselbaren Designelemente eines VIVOBAREFOOT-Modells mit den hochwertigsten Obermaterialien und kreiert damit einen brandneuen, sportlich-stilvollen Barfu\u00dfschuh. Die Casual-Sohle ist durchstichfest und bietet damit Schutz.<\/p>\n<p><b>Audio-Beschreibung<\/b><br \/><audio controls src=\"https:\/\/schuhewiebarfuss.at\/shop\/wp-content\/uploads\/lk\/6203_audio.wav\"><br \/>\n                                            Ihr Browser unterst\u00fctzt diese Audio-Ausgabe leider nicht.<br \/>\n                                            <\/ audio ><\/p>\n","protected":false},"excerpt":{"rendered":"<p>\u2022Obermaterial: Pittards Wild Hide Leder\/ Mesh<br \/>\n\u2022Lederfu\u00dfbett<br \/>\n\u2022Pro 5: abrieb- und durchstichfeste Sohlentechnologie<br \/>\n\u2022patentierte 3mm d\u00fcnne Casual-Au\u00dfensohle<br \/>\n\u2022Gewicht pro Schuh: 200g (Gr. 42)<\/p>\n","protected":false},"featured_media":476697,"comment_status":"open","ping_status":"closed","template":"","meta":[],"product_brand":[],"product_cat":[3121],"product_tag":[1371,1408,1375,1376,1377,1378,1379,1380,1381,1449,2451,1450],"class_list":{"0":"post-476698","1":"product","2":"type-product","3":"status-publish","4":"has-post-thumbnail","6":"product_cat-sale","7":"product_tag-farbe-grau","8":"product_tag-farbe-schwarz","9":"product_tag-groesse-40","10":"product_tag-groesse-41","11":"product_tag-groesse-42","12":"product_tag-groesse-43","13":"product_tag-groesse-44","14":"product_tag-groesse-45","15":"product_tag-groesse-46","16":"product_tag-groesse-47","17":"product_tag-marke-vivobarefoot","18":"product_tag-sale","20":"first","21":"instock","22":"sale","23":"taxable","24":"shipping-taxable","25":"purchasable","26":"product-type-variable"},"_links":{"self":[{"href":"https:\/\/schuhewiebarfuss.at\/shop\/wp-json\/wp\/v2\/product\/476698","targetHints":{"allow":["GET"]}}],"collection":[{"href":"https:\/\/schuhewiebarfuss.at\/shop\/wp-json\/wp\/v2\/product"}],"about":[{"href":"https:\/\/schuhewiebarfuss.at\/shop\/wp-json\/wp\/v2\/types\/product"}],"replies":[{"embeddable":true,"href":"https:\/\/schuhewiebarfuss.at\/shop\/wp-json\/wp\/v2\/comments?post=476698"}],"wp:featuredmedia":[{"embeddable":true,"href":"https:\/\/schuhewiebarfuss.at\/shop\/wp-json\/wp\/v2\/media\/476697"}],"wp:attachment":[{"href":"https:\/\/schuhewiebarfuss.at\/shop\/wp-json\/wp\/v2\/media?parent=476698"}],"wp:term":[{"taxonomy":"product_brand","embeddable":true,"href":"https:\/\/schuhewiebarfuss.at\/shop\/wp-json\/wp\/v2\/product_brand?post=476698"},{"taxonomy":"product_cat","embeddable":true,"href":"https:\/\/schuhewiebarfuss.at\/shop\/wp-json\/wp\/v2\/product_cat?post=476698"},{"taxonomy":"product_tag","embeddable":true,"href":"https:\/\/schuhewiebarfuss.at\/shop\/wp-json\/wp\/v2\/product_tag?post=476698"}],"curies":[{"name":"wp","href":"https:\/\/api.w.org\/{rel}","templated":true}]}}