{"id":476269,"date":"2024-04-09T18:48:46","date_gmt":"2024-04-09T16:48:46","guid":{"rendered":"https:\/\/schuhewiebarfuss.at\/shop\/produkt\/stealth-ii-damen\/"},"modified":"2026-03-01T09:50:20","modified_gmt":"2026-03-01T08:50:20","slug":"stealth-ii-damen","status":"publish","type":"product","link":"https:\/\/schuhewiebarfuss.at\/shop\/produkt\/stealth-ii-damen\/","title":{"rendered":"Stealth II Damen"},"content":{"rendered":"<p>Schutz, Performance und Kontrolle. Mit unserer 3mm durchsto\u00dffesten, flexiblen und rutschfesten Sohle bietet der Stealth perfektes Barfu\u00dfgef\u00fchl in jeder Situation. Das robuste, atmungsaktive Airmesh-Obermaterialaus leichtgewichtigem Hex-Mesh Laminat verbindet den Schuh nahtlos mit Ihrem Fu\u00df und mit seinen gerade einmal 173 Gramm (Gr\u00f6\u00dfe 37) ist er auch extrem leicht. <\/p>\n<p>Das Obermaterial besteht aus einem Temperatur regulierenden Textil, das mehr Komfort durch proaktives W\u00e4rmemanagement bietet. Zusammen mit unserer innovativen V-Mesh &#8222;Sandwich&#8220; Konstruktion bietet dieser Schuh ein komfortables Tragegef\u00fchl und gibt W\u00e4rme nach au\u00dfen ab oder w\u00e4rmt \u2013 je nach K\u00f6rpertemperatur.<\/p>\n<p>Er eignet sich ebenso gut f\u00fcr das Laufen auf harten, flachen Oberfl\u00e4chen in der Natur wie f\u00fcr das Training auf dem Laufband oder im Fitnesscenter. Eine Verst\u00e4rkung im Zehenbereich sch\u00fctzt den Fu\u00df vor unerwarteten St\u00f6\u00dfen und die abriebfeste, durchstichfeste On-Road-Sohle sorgt f\u00fcr ein maximales sensorisches Feedback. Die Ferse ist weich gepolstert f\u00fcr extra hohen Tragekomfort.<\/p>\n<p>Hergestellt zu fairen Bedingungen in China aus teilweise recycelten Materialien.<\/p>\n<p><b>Audio-Beschreibung<\/b><br \/><audio controls src=\"https:\/\/schuhewiebarfuss.at\/shop\/wp-content\/uploads\/lk\/6215_audio.wav\"><br \/>\n                                            Ihr Browser unterst\u00fctzt diese Audio-Ausgabe leider nicht.<br \/>\n                                            <\/ audio ><\/p>\n","protected":false},"excerpt":{"rendered":"<p>Obermaterial: atmungsaktives Mesh mit Outlast \u00ae Technologie<br \/>\nInnenschuh: V-Mesh Sandwich konstruktion<br \/>\nPatentierte, VIVOBAREFOOT 3mm On-Road Sohle<br \/>\nGewicht: 173 g (Gr\u00f6\u00dfe 37)<br \/>\n100% Vegan<\/p>\n","protected":false},"featured_media":476268,"comment_status":"open","ping_status":"closed","template":"","meta":[],"product_brand":[],"product_cat":[3121],"product_tag":[1479,1408,1404,1362,1368,1373,1374,1375,1376,1377,2451,1450],"class_list":{"0":"post-476269","1":"product","2":"type-product","3":"status-publish","4":"has-post-thumbnail","6":"product_cat-sale","7":"product_tag-farbe-blau","8":"product_tag-farbe-schwarz","9":"product_tag-groesse-35","10":"product_tag-groesse-36","11":"product_tag-groesse-37","12":"product_tag-groesse-38","13":"product_tag-groesse-39","14":"product_tag-groesse-40","15":"product_tag-groesse-41","16":"product_tag-groesse-42","17":"product_tag-marke-vivobarefoot","18":"product_tag-sale","20":"first","21":"instock","22":"sale","23":"taxable","24":"shipping-taxable","25":"purchasable","26":"product-type-variable"},"_links":{"self":[{"href":"https:\/\/schuhewiebarfuss.at\/shop\/wp-json\/wp\/v2\/product\/476269","targetHints":{"allow":["GET"]}}],"collection":[{"href":"https:\/\/schuhewiebarfuss.at\/shop\/wp-json\/wp\/v2\/product"}],"about":[{"href":"https:\/\/schuhewiebarfuss.at\/shop\/wp-json\/wp\/v2\/types\/product"}],"replies":[{"embeddable":true,"href":"https:\/\/schuhewiebarfuss.at\/shop\/wp-json\/wp\/v2\/comments?post=476269"}],"wp:featuredmedia":[{"embeddable":true,"href":"https:\/\/schuhewiebarfuss.at\/shop\/wp-json\/wp\/v2\/media\/476268"}],"wp:attachment":[{"href":"https:\/\/schuhewiebarfuss.at\/shop\/wp-json\/wp\/v2\/media?parent=476269"}],"wp:term":[{"taxonomy":"product_brand","embeddable":true,"href":"https:\/\/schuhewiebarfuss.at\/shop\/wp-json\/wp\/v2\/product_brand?post=476269"},{"taxonomy":"product_cat","embeddable":true,"href":"https:\/\/schuhewiebarfuss.at\/shop\/wp-json\/wp\/v2\/product_cat?post=476269"},{"taxonomy":"product_tag","embeddable":true,"href":"https:\/\/schuhewiebarfuss.at\/shop\/wp-json\/wp\/v2\/product_tag?post=476269"}],"curies":[{"name":"wp","href":"https:\/\/api.w.org\/{rel}","templated":true}]}}