{"id":475308,"date":"2024-04-08T18:33:47","date_gmt":"2024-04-08T16:33:47","guid":{"rendered":"https:\/\/schuhewiebarfuss.at\/shop\/produkt\/pellet\/"},"modified":"2026-04-25T20:26:03","modified_gmt":"2026-04-25T18:26:03","slug":"pellet","status":"publish","type":"product","link":"https:\/\/schuhewiebarfuss.at\/shop\/produkt\/pellet\/","title":{"rendered":"Pellet"},"content":{"rendered":"<p>Der Barfu\u00dfschuh Pellet zeichnet sich durch eine sehr flache und flexible Sohle ohne Sprengung aus. So sp\u00fcrst du den Untergrund und st\u00e4rkst deine Muskeln in den F\u00fc\u00dfen und Beinen, die Unebenheiten ausgleichen m\u00fcssen. Au\u00dferdem erm\u00f6glicht dir die flache Sohle einen nat\u00fcrlichen Gang.<\/p>\n<p>Die schlichten Farben passen zu jedem Outfit. Somit ist der Pellet als Alltagsschuh, aber auch zum Spazieren oder sogar joggen geeignet. Das Obermaterial aus Sandwich-Mesh-Polyester und PU ist flexibel, aber etwas stabiler als unsere anderen Barfu\u00dfmodelle. So hast du auch bei schnellen Bewegungen und weiteren Strecken ausreichend Schutz vor Schmutz und Verletzungen. <\/p>\n<p>Wie alle unsere Barfu\u00dfschuhe wird auch der Pellet mit zwei verschiedenen Einlegesohlen geliefert. Je nachdem, wie viel Erfahrung du bereits mit dem Barfu\u00dflaufen hast und wie du dich wohlf\u00fchlst, kannst du dich f\u00fcr eine der beiden entscheiden, oder den Schuh ganz ohne Einlegesohle tragen.<\/p>\n<p><b>Audio-Beschreibung<\/b><br \/><audio controls src=\"https:\/\/schuhewiebarfuss.at\/shop\/wp-content\/uploads\/lk\/6044_audio.wav\"><br \/>\n                                            Ihr Browser unterst\u00fctzt diese Audio-Ausgabe leider nicht.<br \/>\n                                            <\/ audio ><\/p>\n","protected":false},"excerpt":{"rendered":"<p>Obermaterial: Sandwich-Mesh-Polyester + PU, Innensohle: Polyurethan, Au\u00dfensohle: Rubber<br \/>\nideal f\u00fcr alle Outdoor-Aktivit\u00e4ten im weglosen Gel\u00e4nde<br \/>\nim Schonprogramm bei 30 \u00b0C waschbar, nicht trocknergeeignet<br \/>\nVerschlussart: Schn\u00fcrung <\/p>\n","protected":false},"featured_media":475307,"comment_status":"open","ping_status":"closed","template":"","meta":[],"product_brand":[],"product_cat":[853],"product_tag":[1479,1371,1408,1362,1368,1373,1374,1375,1376,1377,1378,1379,1380,1381,1449,1452,2461,1360],"class_list":{"0":"post-475308","1":"product","2":"type-product","3":"status-publish","4":"has-post-thumbnail","6":"product_cat-sport-2","7":"product_tag-farbe-blau","8":"product_tag-farbe-grau","9":"product_tag-farbe-schwarz","10":"product_tag-groesse-36","11":"product_tag-groesse-37","12":"product_tag-groesse-38","13":"product_tag-groesse-39","14":"product_tag-groesse-40","15":"product_tag-groesse-41","16":"product_tag-groesse-42","17":"product_tag-groesse-43","18":"product_tag-groesse-44","19":"product_tag-groesse-45","20":"product_tag-groesse-46","21":"product_tag-groesse-47","22":"product_tag-groesse-48","23":"product_tag-marke-ballop","24":"product_tag-standard","26":"first","27":"instock","28":"taxable","29":"shipping-taxable","30":"purchasable","31":"product-type-variable"},"_links":{"self":[{"href":"https:\/\/schuhewiebarfuss.at\/shop\/wp-json\/wp\/v2\/product\/475308","targetHints":{"allow":["GET"]}}],"collection":[{"href":"https:\/\/schuhewiebarfuss.at\/shop\/wp-json\/wp\/v2\/product"}],"about":[{"href":"https:\/\/schuhewiebarfuss.at\/shop\/wp-json\/wp\/v2\/types\/product"}],"replies":[{"embeddable":true,"href":"https:\/\/schuhewiebarfuss.at\/shop\/wp-json\/wp\/v2\/comments?post=475308"}],"wp:featuredmedia":[{"embeddable":true,"href":"https:\/\/schuhewiebarfuss.at\/shop\/wp-json\/wp\/v2\/media\/475307"}],"wp:attachment":[{"href":"https:\/\/schuhewiebarfuss.at\/shop\/wp-json\/wp\/v2\/media?parent=475308"}],"wp:term":[{"taxonomy":"product_brand","embeddable":true,"href":"https:\/\/schuhewiebarfuss.at\/shop\/wp-json\/wp\/v2\/product_brand?post=475308"},{"taxonomy":"product_cat","embeddable":true,"href":"https:\/\/schuhewiebarfuss.at\/shop\/wp-json\/wp\/v2\/product_cat?post=475308"},{"taxonomy":"product_tag","embeddable":true,"href":"https:\/\/schuhewiebarfuss.at\/shop\/wp-json\/wp\/v2\/product_tag?post=475308"}],"curies":[{"name":"wp","href":"https:\/\/api.w.org\/{rel}","templated":true}]}}