{"id":475263,"date":"2024-04-08T18:30:47","date_gmt":"2024-04-08T16:30:47","guid":{"rendered":"https:\/\/schuhewiebarfuss.at\/shop\/produkt\/aktiv\/"},"modified":"2026-02-28T21:20:31","modified_gmt":"2026-02-28T20:20:31","slug":"aktiv","status":"publish","type":"product","link":"https:\/\/schuhewiebarfuss.at\/shop\/produkt\/aktiv\/","title":{"rendered":"Aktiv"},"content":{"rendered":"<p>\u201eleguano aktiv\u201c &#8211; der Schn\u00fcrschuh f\u00fcr Barfu\u00df-Fans<\/p>\n<p>Er bietet viel Fu\u00dffreiheit, ist ultrabequem und praktisch das ganze Jahr \u00fcber tragbar. Obenrum sorgt Strukturgewebe f\u00fcr luftigen Tragekomfort, die leguano-typische Sohle erm\u00f6glicht ein federleichtes GEHf\u00fchl auf jedem Terrain. Der leguano aktiv ist f\u00fcr Freizeit- und Outdooraktivit\u00e4ten genauso geeignet wie f\u00fcr verschiedene Hallensportarten.<\/p>\n<p>Der Allrounder ist f\u00fcr jedes Abenteuer geeignet und macht jeden Spa\u00df mit, ob an Land oder im Wasser. Unter den Bootsbesitzern hat er sich bereits einen Namen gemacht. An Deck macht der leguano aktiv eine gute Figur: Auf glatten Oberfl\u00e4chen bietet er ausreichend Trittfestigkeit, seine Sohle ist sanft zu jedem Decksbelag und kein W\u00e4sserchen kann er tr\u00fcben. Der Badespa\u00df an steinigen K\u00fcsten \u2013 f\u00fcr diesen Barfu\u00dfschuh kein Problem! Denn mit dem leguano aktiv kann jeder durchs Wasser gehen und schwimmen sowieso.<\/p>\n<p><b>Audio-Beschreibung<\/b><br \/><audio controls src=\"https:\/\/schuhewiebarfuss.at\/shop\/wp-content\/uploads\/lk\/6063_audio.wav\"><br \/>\n                                            Ihr Browser unterst\u00fctzt diese Audio-Ausgabe leider nicht.<br \/>\n                                            <\/ audio ><\/p>\n","protected":false},"excerpt":{"rendered":"<p>Obermaterial (Mesh): 90 % Polyester, 10 % Elasthan<br \/>\nFutter: 100 % Mikrofaser<br \/>\nInnensohle: 100 % Mikrofaser<br \/>\nSohle: LIFOLIT\u00ae-lg<\/p>\n","protected":false},"featured_media":475262,"comment_status":"open","ping_status":"closed","template":"","meta":[],"product_brand":[],"product_cat":[3121],"product_tag":[1479,1371,1570,1408,1362,1368,1373,1374,1375,1376,1377,1378,1379,1380,1381,1449,2465,1450],"class_list":{"0":"post-475263","1":"product","2":"type-product","3":"status-publish","4":"has-post-thumbnail","6":"product_cat-sale","7":"product_tag-farbe-blau","8":"product_tag-farbe-grau","9":"product_tag-farbe-gruen","10":"product_tag-farbe-schwarz","11":"product_tag-groesse-36","12":"product_tag-groesse-37","13":"product_tag-groesse-38","14":"product_tag-groesse-39","15":"product_tag-groesse-40","16":"product_tag-groesse-41","17":"product_tag-groesse-42","18":"product_tag-groesse-43","19":"product_tag-groesse-44","20":"product_tag-groesse-45","21":"product_tag-groesse-46","22":"product_tag-groesse-47","23":"product_tag-marke-leguano","24":"product_tag-sale","26":"first","27":"instock","28":"taxable","29":"shipping-taxable","30":"purchasable","31":"product-type-variable"},"_links":{"self":[{"href":"https:\/\/schuhewiebarfuss.at\/shop\/wp-json\/wp\/v2\/product\/475263","targetHints":{"allow":["GET"]}}],"collection":[{"href":"https:\/\/schuhewiebarfuss.at\/shop\/wp-json\/wp\/v2\/product"}],"about":[{"href":"https:\/\/schuhewiebarfuss.at\/shop\/wp-json\/wp\/v2\/types\/product"}],"replies":[{"embeddable":true,"href":"https:\/\/schuhewiebarfuss.at\/shop\/wp-json\/wp\/v2\/comments?post=475263"}],"wp:featuredmedia":[{"embeddable":true,"href":"https:\/\/schuhewiebarfuss.at\/shop\/wp-json\/wp\/v2\/media\/475262"}],"wp:attachment":[{"href":"https:\/\/schuhewiebarfuss.at\/shop\/wp-json\/wp\/v2\/media?parent=475263"}],"wp:term":[{"taxonomy":"product_brand","embeddable":true,"href":"https:\/\/schuhewiebarfuss.at\/shop\/wp-json\/wp\/v2\/product_brand?post=475263"},{"taxonomy":"product_cat","embeddable":true,"href":"https:\/\/schuhewiebarfuss.at\/shop\/wp-json\/wp\/v2\/product_cat?post=475263"},{"taxonomy":"product_tag","embeddable":true,"href":"https:\/\/schuhewiebarfuss.at\/shop\/wp-json\/wp\/v2\/product_tag?post=475263"}],"curies":[{"name":"wp","href":"https:\/\/api.w.org\/{rel}","templated":true}]}}