{"id":475105,"date":"2024-04-08T18:13:43","date_gmt":"2024-04-08T16:13:43","guid":{"rendered":"https:\/\/schuhewiebarfuss.at\/shop\/produkt\/gobi-ii-herren\/"},"modified":"2026-03-23T18:11:17","modified_gmt":"2026-03-23T17:11:17","slug":"gobi-ii-herren","status":"publish","type":"product","link":"https:\/\/schuhewiebarfuss.at\/shop\/produkt\/gobi-ii-herren\/","title":{"rendered":"Gobi II Herren"},"content":{"rendered":"<p>Gobi II Men &#8211; Dieser unverwechselbare Barfu\u00dfschuh kommt auch in der neuen Saison aus Pittards-Premiumleder und punktet wie seit je her in Sachen Stil und Eleganz. Der Gobi II ist ein klassischer Schn\u00fcrschuh, angelehnt an den legend\u00e4ren Desert-Boot von Clarks. Ob im B\u00fcro, zum Business-Meeting, zum feierlichen Anlass oder als Alltagsschuh, mit dem Gobi II genie\u00dft du das einzigartige Barfu\u00dfgef\u00fchl bei jeder Gelegenheit. Hinten an der Ferse ist das V-Logo eingepr\u00e4gt. Die patentierte, 3mm d\u00fcnne Lifestyle-Sohle mit kleinen Profilnoppen sorgt f\u00fcr maximales sensorisches Feedback bei gleichzeitigem Schutz. F\u00fchl\u2018 dich barfu\u00df, den ganzen Tag und jeden Tag! Das Modell hat eine neue Einlegesohle mit Korkbeschichtung f\u00fcr ein verbessertes Fu\u00dfklima. Zweifarbig paspelierte Schn\u00fcrsenkel in Gelb-Braun machen den Schuh zu einem Hingucker.<\/p>\n<p>WICHTIGER HINWEIS ZUM LEDER!!!<br \/>\nDas hochwertige Leder des britischen Traditionsunternehmens Pittards hat eine besondere Struktur und stammt aus Afrika. Das Leder wird mit pflanzlichen Mitteln gegerbt und m\u00f6glichst in seiner nat\u00fcrlichen Form und Textur erhalten. Au\u00dferdem zeichnet es sich durch seine robuste Struktur aus. Da es sich hierbei um nat\u00fcrliches Leder von wilden Tieren handelt, ist jedes Paar ein Unikat. Somit kann es sein, das einzelne Schuhe Narben, Kratzer oder kleine Flecken aufweisen.<\/p>\n<p><b>Audio-Beschreibung<\/b><br \/><audio controls src=\"https:\/\/schuhewiebarfuss.at\/shop\/wp-content\/uploads\/lk\/6155_audio.wav\"><br \/>\n                                            Ihr Browser unterst\u00fctzt diese Audio-Ausgabe leider nicht.<br \/>\n                                            <\/ audio ><\/p>\n","protected":false},"excerpt":{"rendered":"<p>\u2022Obermaterial: hochwertiges Pittards Leder<br \/>\n\u2022patentierte 3mm d\u00fcnne Lifestylesohle mit kleinen Profilnoppen<br \/>\n\u2022Pro5: durchstichfeste Sohlentechnologie<br \/>\n\u2022herausnehmbare, 3mm d\u00fcnne Innensohle mit Korkbeschichtung<br \/>\n\u2022ungef\u00fcttert<br \/>\n\u2022weite Passform<br \/>\n\u2022Gewicht pro Schuh: 300g (Gr.42)<br \/>\n\u2022hochwertige Schn\u00fcrsenkel in Gelb-Braun<\/p>\n","protected":false},"featured_media":475104,"comment_status":"open","ping_status":"closed","template":"","meta":[],"product_brand":[],"product_cat":[3121],"product_tag":[1544,1408,1375,1376,1377,1378,1379,1380,1381,1449,2451,1450],"class_list":{"0":"post-475105","1":"product","2":"type-product","3":"status-publish","4":"has-post-thumbnail","6":"product_cat-sale","7":"product_tag-farbe-braun","8":"product_tag-farbe-schwarz","9":"product_tag-groesse-40","10":"product_tag-groesse-41","11":"product_tag-groesse-42","12":"product_tag-groesse-43","13":"product_tag-groesse-44","14":"product_tag-groesse-45","15":"product_tag-groesse-46","16":"product_tag-groesse-47","17":"product_tag-marke-vivobarefoot","18":"product_tag-sale","20":"first","21":"instock","22":"taxable","23":"shipping-taxable","24":"purchasable","25":"product-type-variable"},"_links":{"self":[{"href":"https:\/\/schuhewiebarfuss.at\/shop\/wp-json\/wp\/v2\/product\/475105","targetHints":{"allow":["GET"]}}],"collection":[{"href":"https:\/\/schuhewiebarfuss.at\/shop\/wp-json\/wp\/v2\/product"}],"about":[{"href":"https:\/\/schuhewiebarfuss.at\/shop\/wp-json\/wp\/v2\/types\/product"}],"replies":[{"embeddable":true,"href":"https:\/\/schuhewiebarfuss.at\/shop\/wp-json\/wp\/v2\/comments?post=475105"}],"wp:featuredmedia":[{"embeddable":true,"href":"https:\/\/schuhewiebarfuss.at\/shop\/wp-json\/wp\/v2\/media\/475104"}],"wp:attachment":[{"href":"https:\/\/schuhewiebarfuss.at\/shop\/wp-json\/wp\/v2\/media?parent=475105"}],"wp:term":[{"taxonomy":"product_brand","embeddable":true,"href":"https:\/\/schuhewiebarfuss.at\/shop\/wp-json\/wp\/v2\/product_brand?post=475105"},{"taxonomy":"product_cat","embeddable":true,"href":"https:\/\/schuhewiebarfuss.at\/shop\/wp-json\/wp\/v2\/product_cat?post=475105"},{"taxonomy":"product_tag","embeddable":true,"href":"https:\/\/schuhewiebarfuss.at\/shop\/wp-json\/wp\/v2\/product_tag?post=475105"}],"curies":[{"name":"wp","href":"https:\/\/api.w.org\/{rel}","templated":true}]}}