{"id":475093,"date":"2024-04-08T18:12:49","date_gmt":"2024-04-08T16:12:49","guid":{"rendered":"https:\/\/schuhewiebarfuss.at\/shop\/produkt\/gobi-ii-herren-leder-suede-braun\/"},"modified":"2026-02-28T17:57:51","modified_gmt":"2026-02-28T16:57:51","slug":"gobi-ii-herren-leder-suede-braun","status":"publish","type":"product","link":"https:\/\/schuhewiebarfuss.at\/shop\/produkt\/gobi-ii-herren-leder-suede-braun\/","title":{"rendered":"Gobi II Herren Leder Suede Braun"},"content":{"rendered":"<p>Einen unserer Klassiker gibt es in einem sch\u00f6nen Chestnut Rau-Leder. Der Gobi besitzt die perfekte Balance zwischen Fashion und Barfu\u00dffunktion. Mit einfach gehaltenen Design und minimaler Schn\u00fcrung ist dieser Schuh daf\u00fcr geschaffen, um jeden Tag modisch alle T\u00e4tigkeiten Barfu\u00df zu erleben. Der GOBI ist der ideale Alltagsschuh \u2013 geeignet f\u00fcr B\u00fcro und Freizeit, oder als perfekter Reisebegleiter, leicht im Rucksack zu verstauen.<\/p>\n<p><b>Audio-Beschreibung<\/b><br \/><audio controls src=\"https:\/\/schuhewiebarfuss.at\/shop\/wp-content\/uploads\/lk\/4944_audio.wav\"><br \/>\n                                            Ihr Browser unterst\u00fctzt diese Audio-Ausgabe leider nicht.<br \/>\n                                            <\/ audio ><\/p>\n","protected":false},"excerpt":{"rendered":"<p>Obermaterial: Raues Leder<br \/>\nInnenmaterial: Premium gesticktes, Rau-Leder<br \/>\nSole: 3mm, V-Life<br \/>\nSchn\u00fcrschuh<\/p>\n","protected":false},"featured_media":475092,"comment_status":"open","ping_status":"closed","template":"","meta":[],"product_brand":[],"product_cat":[3121],"product_tag":[1376,1377,1378,1379,1380,1381,1449,2451,1450],"class_list":{"0":"post-475093","1":"product","2":"type-product","3":"status-publish","4":"has-post-thumbnail","6":"product_cat-sale","7":"product_tag-groesse-41","8":"product_tag-groesse-42","9":"product_tag-groesse-43","10":"product_tag-groesse-44","11":"product_tag-groesse-45","12":"product_tag-groesse-46","13":"product_tag-groesse-47","14":"product_tag-marke-vivobarefoot","15":"product_tag-sale","17":"first","18":"instock","19":"taxable","20":"shipping-taxable","21":"purchasable","22":"product-type-variable"},"_links":{"self":[{"href":"https:\/\/schuhewiebarfuss.at\/shop\/wp-json\/wp\/v2\/product\/475093","targetHints":{"allow":["GET"]}}],"collection":[{"href":"https:\/\/schuhewiebarfuss.at\/shop\/wp-json\/wp\/v2\/product"}],"about":[{"href":"https:\/\/schuhewiebarfuss.at\/shop\/wp-json\/wp\/v2\/types\/product"}],"replies":[{"embeddable":true,"href":"https:\/\/schuhewiebarfuss.at\/shop\/wp-json\/wp\/v2\/comments?post=475093"}],"wp:featuredmedia":[{"embeddable":true,"href":"https:\/\/schuhewiebarfuss.at\/shop\/wp-json\/wp\/v2\/media\/475092"}],"wp:attachment":[{"href":"https:\/\/schuhewiebarfuss.at\/shop\/wp-json\/wp\/v2\/media?parent=475093"}],"wp:term":[{"taxonomy":"product_brand","embeddable":true,"href":"https:\/\/schuhewiebarfuss.at\/shop\/wp-json\/wp\/v2\/product_brand?post=475093"},{"taxonomy":"product_cat","embeddable":true,"href":"https:\/\/schuhewiebarfuss.at\/shop\/wp-json\/wp\/v2\/product_cat?post=475093"},{"taxonomy":"product_tag","embeddable":true,"href":"https:\/\/schuhewiebarfuss.at\/shop\/wp-json\/wp\/v2\/product_tag?post=475093"}],"curies":[{"name":"wp","href":"https:\/\/api.w.org\/{rel}","templated":true}]}}