{"id":474791,"date":"2024-04-08T17:43:43","date_gmt":"2024-04-08T15:43:43","guid":{"rendered":"https:\/\/schuhewiebarfuss.at\/shop\/produkt\/miranda-canvas-bordo\/"},"modified":"2026-03-21T17:43:39","modified_gmt":"2026-03-21T16:43:39","slug":"miranda-canvas-bordo","status":"publish","type":"product","link":"https:\/\/schuhewiebarfuss.at\/shop\/produkt\/miranda-canvas-bordo\/","title":{"rendered":"Miranda Canvas Bordo"},"content":{"rendered":"<p>Der Ballerina Miranda erg\u00e4nzt die erfolgreiche Sole Runner Damenschuh Kollektion. Mit seinem handschuhweichen Canvas aus Baumwolle passt dieser modische Damen Barfu\u00dfschuh zur Jeans genauso wie zum Business Outfit. Das Obermaterial, wasserabweisend und atmungsaktiv.<br \/>\nZur Pflege dieses feinen Leinen empfehlen wir handels\u00fcbliches Impr\u00e4gnierspray.<\/p>\n<p>Bitte beachte: Dieses Modell hat einen Canvas Stoff aus Baumwolle als Obermaterial. Dies weitet sich nicht so sehr, wie ein Obermaterial aus Leder.<br \/>\nEs ist also durchaus m\u00f6glich, dass dieses Modell etwas gr\u00f6\u00dfer gew\u00e4hlt werden kann, als das gleiche Modell aus Leder.<br \/>\nDa ein Fu\u00df im Schuh beim Gehen immer noch etwas nach vorn rutscht, bitte zu der gemessenen Fu\u00dfl\u00e4nge noch ca. 3-5 mm addieren.<\/p>\n<p>Dieser Artikel f\u00e4llt etwa eine halbe Nummer kleiner aus.<\/p>\n<p>Vegan<br \/>\nObermaterial: Canvas aus Baumwolle, wasserabweisend<br \/>\nInnenfutter: Kunstfaser<br \/>\nVerschluss: Schlupf<br \/>\nForm: Normal (Weite G)<br \/>\nGr\u00f6\u00dfen: 36-42<br \/>\nGewicht: 100 gr. Gr\u00f6sse 41<br \/>\nLaufsohle: ca.3,5mm Gummi, Non Marking (nicht abf\u00e4rbend).<br \/>\nErlaubt einen m\u00f6glichst direkten Kontakt zum Boden. Fast wie Gehen auf der eigenen Fu\u00dfsohle<\/p>\n<p><b>Audio-Beschreibung<\/b><br \/><audio controls src=\"https:\/\/schuhewiebarfuss.at\/shop\/wp-content\/uploads\/lk\/5098_audio.wav\"><br \/>\n                                            Ihr Browser unterst\u00fctzt diese Audio-Ausgabe leider nicht.<br \/>\n                                            <\/ audio ><\/p>\n","protected":false},"excerpt":{"rendered":"<p>Barfu\u00dfschuh Ballerina Miranda Canvas<\/p>\n<p>Der neue Ballerina Miranda erg\u00e4nzt die erfolgreiche Sole Runner Damenschuh Kollektion. <\/p>\n<p>Weite: G (normal)<br \/>\nModell: Miranda<br \/>\nHersteller: Sole Runner<br \/>\nInhalt: 1 Paar<\/p>\n","protected":false},"featured_media":474790,"comment_status":"open","ping_status":"closed","template":"","meta":[],"product_brand":[],"product_cat":[3121],"product_tag":[1362,1368,1373,1374,1375,1376,1377,2449,1450],"class_list":{"0":"post-474791","1":"product","2":"type-product","3":"status-publish","4":"has-post-thumbnail","6":"product_cat-sale","7":"product_tag-groesse-36","8":"product_tag-groesse-37","9":"product_tag-groesse-38","10":"product_tag-groesse-39","11":"product_tag-groesse-40","12":"product_tag-groesse-41","13":"product_tag-groesse-42","14":"product_tag-marke-sole-runner","15":"product_tag-sale","17":"first","18":"instock","19":"taxable","20":"shipping-taxable","21":"purchasable","22":"product-type-variable"},"_links":{"self":[{"href":"https:\/\/schuhewiebarfuss.at\/shop\/wp-json\/wp\/v2\/product\/474791","targetHints":{"allow":["GET"]}}],"collection":[{"href":"https:\/\/schuhewiebarfuss.at\/shop\/wp-json\/wp\/v2\/product"}],"about":[{"href":"https:\/\/schuhewiebarfuss.at\/shop\/wp-json\/wp\/v2\/types\/product"}],"replies":[{"embeddable":true,"href":"https:\/\/schuhewiebarfuss.at\/shop\/wp-json\/wp\/v2\/comments?post=474791"}],"wp:featuredmedia":[{"embeddable":true,"href":"https:\/\/schuhewiebarfuss.at\/shop\/wp-json\/wp\/v2\/media\/474790"}],"wp:attachment":[{"href":"https:\/\/schuhewiebarfuss.at\/shop\/wp-json\/wp\/v2\/media?parent=474791"}],"wp:term":[{"taxonomy":"product_brand","embeddable":true,"href":"https:\/\/schuhewiebarfuss.at\/shop\/wp-json\/wp\/v2\/product_brand?post=474791"},{"taxonomy":"product_cat","embeddable":true,"href":"https:\/\/schuhewiebarfuss.at\/shop\/wp-json\/wp\/v2\/product_cat?post=474791"},{"taxonomy":"product_tag","embeddable":true,"href":"https:\/\/schuhewiebarfuss.at\/shop\/wp-json\/wp\/v2\/product_tag?post=474791"}],"curies":[{"name":"wp","href":"https:\/\/api.w.org\/{rel}","templated":true}]}}