{"id":474657,"date":"2024-04-07T19:04:54","date_gmt":"2024-04-07T17:04:54","guid":{"rendered":"https:\/\/schuhewiebarfuss.at\/shop\/produkt\/little-polar-bear\/"},"modified":"2026-03-01T06:42:10","modified_gmt":"2026-03-01T05:42:10","slug":"little-polar-bear","status":"publish","type":"product","link":"https:\/\/schuhewiebarfuss.at\/shop\/produkt\/little-polar-bear\/","title":{"rendered":"Little Polar Bear"},"content":{"rendered":"<p>Altersempfehlung: 12 bis 18 Monate<\/p>\n<p>&#8211; niedliches Motiv<br \/>\n&#8211; gesundes Klima durch Futter aus warmer, temperaturregulierender Schurwolle<br \/>\n&#8211; kinderleichtes An- und Ausziehen durch praktischen Klettverschluss<\/p>\n<p>Bequeme Begleiter beim Entdecken im Hort, im Kindergarten oder zuhause: die Hausschuhe von NANGA. Das Futter aus Schurwolle \u00fcberzeugt mit warmen sowie atmungsaktiven Eigenschaften. F\u00fcr ein komfortables Tragegef\u00fchl sorgt das Obermaterial aus Schurwolle. Dank des Klettverschlusses k\u00f6nnen die Schuhe z\u00fcgig angezogen werden.<\/p>\n<p><b>Audio-Beschreibung<\/b><br \/><audio controls src=\"https:\/\/schuhewiebarfuss.at\/shop\/wp-content\/uploads\/lk\/6231_audio.wav\"><br \/>\n                                            Ihr Browser unterst\u00fctzt diese Audio-Ausgabe leider nicht.<br \/>\n                                            <\/ audio ><\/p>\n","protected":false},"excerpt":{"rendered":"<p>Verschluss: Klettverschluss<br \/>\nSchuhweite: M<\/p>\n<p>Obermaterial: Textil (Schurwolle)<br \/>\nFutter: Textil (Schurwolle)<br \/>\nDecksohle: Sonstiges Material (Naturkautschuk)<br \/>\nLaufsohle: Sonstiges Material (Naturkautschuk)<\/p>\n","protected":false},"featured_media":474656,"comment_status":"open","ping_status":"closed","template":"","meta":[],"product_brand":[],"product_cat":[3121],"product_tag":[1479,1550,1483,1385,1390,1391,1392,1393,1394,1395,2445,1450],"class_list":{"0":"post-474657","1":"product","2":"type-product","3":"status-publish","4":"has-post-thumbnail","6":"product_cat-sale","7":"product_tag-farbe-blau","8":"product_tag-groesse-18","9":"product_tag-groesse-19","10":"product_tag-groesse-20","11":"product_tag-groesse-21","12":"product_tag-groesse-22","13":"product_tag-groesse-23","14":"product_tag-groesse-24","15":"product_tag-groesse-25","16":"product_tag-groesse-26","17":"product_tag-marke-nanga","18":"product_tag-sale","20":"first","21":"instock","22":"taxable","23":"shipping-taxable","24":"purchasable","25":"product-type-variable"},"_links":{"self":[{"href":"https:\/\/schuhewiebarfuss.at\/shop\/wp-json\/wp\/v2\/product\/474657","targetHints":{"allow":["GET"]}}],"collection":[{"href":"https:\/\/schuhewiebarfuss.at\/shop\/wp-json\/wp\/v2\/product"}],"about":[{"href":"https:\/\/schuhewiebarfuss.at\/shop\/wp-json\/wp\/v2\/types\/product"}],"replies":[{"embeddable":true,"href":"https:\/\/schuhewiebarfuss.at\/shop\/wp-json\/wp\/v2\/comments?post=474657"}],"wp:featuredmedia":[{"embeddable":true,"href":"https:\/\/schuhewiebarfuss.at\/shop\/wp-json\/wp\/v2\/media\/474656"}],"wp:attachment":[{"href":"https:\/\/schuhewiebarfuss.at\/shop\/wp-json\/wp\/v2\/media?parent=474657"}],"wp:term":[{"taxonomy":"product_brand","embeddable":true,"href":"https:\/\/schuhewiebarfuss.at\/shop\/wp-json\/wp\/v2\/product_brand?post=474657"},{"taxonomy":"product_cat","embeddable":true,"href":"https:\/\/schuhewiebarfuss.at\/shop\/wp-json\/wp\/v2\/product_cat?post=474657"},{"taxonomy":"product_tag","embeddable":true,"href":"https:\/\/schuhewiebarfuss.at\/shop\/wp-json\/wp\/v2\/product_tag?post=474657"}],"curies":[{"name":"wp","href":"https:\/\/api.w.org\/{rel}","templated":true}]}}