{"id":474184,"date":"2024-04-07T17:12:54","date_gmt":"2024-04-07T15:12:54","guid":{"rendered":"https:\/\/schuhewiebarfuss.at\/shop\/produkt\/skink-leder\/"},"modified":"2026-04-24T20:34:49","modified_gmt":"2026-04-24T18:34:49","slug":"skink-leder","status":"publish","type":"product","link":"https:\/\/schuhewiebarfuss.at\/shop\/produkt\/skink-leder\/","title":{"rendered":"SKINK Leder"},"content":{"rendered":"<p>Die super leichte, biegsame, aber dennoch sch\u00fctzendes Form unseres SKINKs bietet die perfekte L\u00f6sung f\u00fcr zahlreiche Aktivit\u00e4ten in den warmen Saisons. Die F\u00fc\u00dfe der jungen Abenteurer werden von einem angenehmen Barfu\u00dfgef\u00fchl umgeben und trotzdem vor dem jedem Wetter, der Umgebung und auch vor \u00fcberm\u00e4\u00dfigen Schwitzen gesch\u00fctzt.<\/p>\n<p><b>Audio-Beschreibung<\/b><br \/><audio controls src=\"https:\/\/schuhewiebarfuss.at\/shop\/wp-content\/uploads\/lk\/6022_audio.wav\"><br \/>\n                                            Ihr Browser unterst\u00fctzt diese Audio-Ausgabe leider nicht.<br \/>\n                                            <\/ audio ><\/p>\n","protected":false},"excerpt":{"rendered":"<p>Funktion: atmungsaktiv, pflegeleicht<br \/>\nObermaterial: Bio-Nappaleder<br \/>\nFutter: Weiches Bioleder (pflanzlich gegerbt)<br \/>\nInnensohle: weiches Bioleder (pflanzlich gegerbt)<br \/>\nKragen: Veloursleder<br \/>\nLaufsohle: Gummi (100% synth.)<br \/>\nPassform: Mittel<br \/>\nProduktionsland: Portugal<br \/>\nWeitere Eigenschaften: Bioleder (pflanzlich gegerbt)<\/p>\n","protected":false},"featured_media":474183,"comment_status":"open","ping_status":"closed","template":"","meta":[],"product_brand":[],"product_cat":[845],"product_tag":[1426,2748,1427,1570,2563,1429,1557,2308,1408,1385,1390,1391,1392,1393,1394,1395,1396,1397,1398,1399,1400,1401,1402,1403,1404,1362,2447,1360],"class_list":{"0":"post-474184","1":"product","2":"type-product","3":"status-publish","4":"has-post-thumbnail","6":"product_cat-lifestyle-1","7":"product_tag-farbe-dunkelblau","8":"product_tag-farbe-feuerrot","9":"product_tag-farbe-gelb","10":"product_tag-farbe-gruen","11":"product_tag-farbe-hellblau","12":"product_tag-farbe-hellgrau","13":"product_tag-farbe-hellgruen","14":"product_tag-farbe-rosa","15":"product_tag-farbe-schwarz","16":"product_tag-groesse-20","17":"product_tag-groesse-21","18":"product_tag-groesse-22","19":"product_tag-groesse-23","20":"product_tag-groesse-24","21":"product_tag-groesse-25","22":"product_tag-groesse-26","23":"product_tag-groesse-27","24":"product_tag-groesse-28","25":"product_tag-groesse-29","26":"product_tag-groesse-30","27":"product_tag-groesse-31","28":"product_tag-groesse-32","29":"product_tag-groesse-33","30":"product_tag-groesse-34","31":"product_tag-groesse-35","32":"product_tag-groesse-36","33":"product_tag-marke-blifestyle","34":"product_tag-standard","36":"first","37":"instock","38":"taxable","39":"shipping-taxable","40":"purchasable","41":"product-type-variable"},"_links":{"self":[{"href":"https:\/\/schuhewiebarfuss.at\/shop\/wp-json\/wp\/v2\/product\/474184","targetHints":{"allow":["GET"]}}],"collection":[{"href":"https:\/\/schuhewiebarfuss.at\/shop\/wp-json\/wp\/v2\/product"}],"about":[{"href":"https:\/\/schuhewiebarfuss.at\/shop\/wp-json\/wp\/v2\/types\/product"}],"replies":[{"embeddable":true,"href":"https:\/\/schuhewiebarfuss.at\/shop\/wp-json\/wp\/v2\/comments?post=474184"}],"wp:featuredmedia":[{"embeddable":true,"href":"https:\/\/schuhewiebarfuss.at\/shop\/wp-json\/wp\/v2\/media\/474183"}],"wp:attachment":[{"href":"https:\/\/schuhewiebarfuss.at\/shop\/wp-json\/wp\/v2\/media?parent=474184"}],"wp:term":[{"taxonomy":"product_brand","embeddable":true,"href":"https:\/\/schuhewiebarfuss.at\/shop\/wp-json\/wp\/v2\/product_brand?post=474184"},{"taxonomy":"product_cat","embeddable":true,"href":"https:\/\/schuhewiebarfuss.at\/shop\/wp-json\/wp\/v2\/product_cat?post=474184"},{"taxonomy":"product_tag","embeddable":true,"href":"https:\/\/schuhewiebarfuss.at\/shop\/wp-json\/wp\/v2\/product_tag?post=474184"}],"curies":[{"name":"wp","href":"https:\/\/api.w.org\/{rel}","templated":true}]}}