{"id":473457,"date":"2024-04-07T14:40:46","date_gmt":"2024-04-07T12:40:46","guid":{"rendered":"https:\/\/schuhewiebarfuss.at\/shop\/produkt\/prio-all-day-damen-schwarz\/"},"modified":"2026-02-28T18:46:16","modified_gmt":"2026-02-28T17:46:16","slug":"prio-all-day-damen-schwarz","status":"publish","type":"product","link":"https:\/\/schuhewiebarfuss.at\/shop\/produkt\/prio-all-day-damen-schwarz\/","title":{"rendered":"Prio All-Day Damen Schwarz"},"content":{"rendered":"<p>PRIO ALL DAY Unser meistverkaufter Allesk\u00f6nner-Schuh ist jetzt in weichem, strapazierf\u00e4higem Vollnarbenleder erh\u00e4ltlich! Mit schwarzem Vollnarbenleder, klassischem Xero-Schuhdesign und einer rutschfesten Gummisohle trifft beim Prio All Day SR endlich Rutschfestigkeit auf nat\u00fcrlichen Komfort. SCHUHE, DIE SIE ANHALTEN M\u00d6CHTEN. AUCH NACH EINEM HARTEN ARBEITSTAG. Mit dem bodennahen Design und der breiten Zehenbox des Prio All Day SR f\u00fchlen sich Ihre F\u00fc\u00dfe am Ende der Schicht so frei an wie am Anfang. Das von Huarache inspirierte Spannsystem gibt Ihnen den sicheren Sitz, den Sie von Xero Shoes erwarten, w\u00e4hrend die rutschfeste Sohle mit unserem in zwei Richtungen verlaufenden Chevron-Muster Traktion bietet, auf die Sie sich bei Ihrer Arbeit verlassen k\u00f6nnen.<\/p>\n<p><b>Audio-Beschreibung<\/b><br \/><audio controls src=\"https:\/\/schuhewiebarfuss.at\/shop\/wp-content\/uploads\/lk\/5448_audio.wav\"><br \/>\n                                            Ihr Browser unterst\u00fctzt diese Audio-Ausgabe leider nicht.<br \/>\n                                            <\/ audio ><\/p>\n","protected":false},"excerpt":{"rendered":"<p>Obermaterial: Leder<br \/>\nInnenmateral: Textil<br \/>\nInnensohle: Herausnehmbar<br \/>\nSohle: 5,5-mm-FeelTrue\u00ae-Gummi Sohle, sehr griffiges Profil<br \/>\nVerschlussart: Schn\u00fcrschuh <\/p>\n","protected":false},"featured_media":473456,"comment_status":"open","ping_status":"closed","template":"","meta":[],"product_brand":[],"product_cat":[3121],"product_tag":[1362,1368,1373,1525,1374,1375,1376,1377,2446,1450],"class_list":{"0":"post-473457","1":"product","2":"type-product","3":"status-publish","4":"has-post-thumbnail","6":"product_cat-sale","7":"product_tag-groesse-36","8":"product_tag-groesse-37","9":"product_tag-groesse-38","10":"product_tag-groesse-38-5","11":"product_tag-groesse-39","12":"product_tag-groesse-40","13":"product_tag-groesse-41","14":"product_tag-groesse-42","15":"product_tag-marke-xero","16":"product_tag-sale","18":"first","19":"instock","20":"taxable","21":"shipping-taxable","22":"purchasable","23":"product-type-variable"},"_links":{"self":[{"href":"https:\/\/schuhewiebarfuss.at\/shop\/wp-json\/wp\/v2\/product\/473457","targetHints":{"allow":["GET"]}}],"collection":[{"href":"https:\/\/schuhewiebarfuss.at\/shop\/wp-json\/wp\/v2\/product"}],"about":[{"href":"https:\/\/schuhewiebarfuss.at\/shop\/wp-json\/wp\/v2\/types\/product"}],"replies":[{"embeddable":true,"href":"https:\/\/schuhewiebarfuss.at\/shop\/wp-json\/wp\/v2\/comments?post=473457"}],"wp:featuredmedia":[{"embeddable":true,"href":"https:\/\/schuhewiebarfuss.at\/shop\/wp-json\/wp\/v2\/media\/473456"}],"wp:attachment":[{"href":"https:\/\/schuhewiebarfuss.at\/shop\/wp-json\/wp\/v2\/media?parent=473457"}],"wp:term":[{"taxonomy":"product_brand","embeddable":true,"href":"https:\/\/schuhewiebarfuss.at\/shop\/wp-json\/wp\/v2\/product_brand?post=473457"},{"taxonomy":"product_cat","embeddable":true,"href":"https:\/\/schuhewiebarfuss.at\/shop\/wp-json\/wp\/v2\/product_cat?post=473457"},{"taxonomy":"product_tag","embeddable":true,"href":"https:\/\/schuhewiebarfuss.at\/shop\/wp-json\/wp\/v2\/product_tag?post=473457"}],"curies":[{"name":"wp","href":"https:\/\/api.w.org\/{rel}","templated":true}]}}