{"id":473071,"date":"2024-04-05T10:31:46","date_gmt":"2024-04-05T08:31:46","guid":{"rendered":"https:\/\/schuhewiebarfuss.at\/shop\/produkt\/froddo-canvas-t\/"},"modified":"2026-03-01T12:46:18","modified_gmt":"2026-03-01T11:46:18","slug":"froddo-canvas-t","status":"publish","type":"product","link":"https:\/\/schuhewiebarfuss.at\/shop\/produkt\/froddo-canvas-t\/","title":{"rendered":"Froddo Canvas T"},"content":{"rendered":"<p>Froddo Barfu\u00dfpantoffeln\/Leinwandschuhe. Perfekt als Hausschuh f\u00fcr Kindergarten oder Schule oder auch als Freizeitschuh f\u00fcr drau\u00dfen &#8211; die Froddo Canvas mit Klettverschluss.<br \/>\nBreitere Zehenbox sorgt f\u00fcr Stabilit\u00e4t beim Gehen. Kein Fersenabfall, extra flexible Naturkautschuk-Au\u00dfensohle und flache, herausnehmbare und antibakterielle Mikrofaser-Einlegesohle.<\/p>\n<p>Obermaterial: Textil + Leder mit Klettverschluss<br \/>\nFutter: Textil mit Mikrofaser im Fersenbereich<br \/>\nVerschluss: Klettverschluss<br \/>\nultraleicht und atmungsaktiv<br \/>\nEinlegesohle: herausnehmbare antibakterielle Mikrofaser-Einlegesohle<br \/>\nAu\u00dfensohle: Gummi<br \/>\nKein Chrom VI<br \/>\nGr\u00f6\u00dfen: 25 &#8211; 30<br \/>\nUniverselle Passform \u2013 anpassbar an alle Fu\u00dfbreiten <\/p>\n<p>Innensohle-L\u00e4nge (mm)<\/p>\n<p>Gr\u00f6\u00dfe:   25 &#8211; 169 mm<br \/>\nGr\u00f6\u00dfe:   26 &#8211; 176 mm<br \/>\nGr\u00f6\u00dfe:   27 &#8211; 182 mm<br \/>\nGr\u00f6\u00dfe:   28 &#8211; 188 mm<br \/>\nGr\u00f6\u00dfe:   29 &#8211; 195 mm<br \/>\nGr\u00f6\u00dfe:   30 &#8211; 202 mm<\/p>\n<p><b>Audio-Beschreibung<\/b><br \/><audio controls src=\"https:\/\/schuhewiebarfuss.at\/shop\/wp-content\/uploads\/lk\/9485_audio.wav\"><br \/>\n                                            Ihr Browser unterst\u00fctzt diese Audio-Ausgabe leider nicht.<br \/>\n                                            <\/ audio ><\/p>\n","protected":false},"excerpt":{"rendered":"<p>Barfu\u00dfschuh Froddo CANVAS T<\/p>\n<p>Obermaterial: Textil und Klettverschluss aus Leder<br \/>\nFutter: Textil mit Mikrofaser<br \/>\nVerschluss: Klettverschluss<br \/>\nEinlegesohle: herausnehmbare, Mikrofaser<br \/>\nAu\u00dfensohle: Gummi<br \/>\nKein Chrom VI<br \/>\nGr\u00f6\u00dfen: 25 &#8211; 30<br \/>\nF\u00fcr alle Fu\u00dfbreiten<\/p>\n","protected":false},"featured_media":516880,"comment_status":"open","ping_status":"closed","template":"","meta":[],"product_brand":[],"product_cat":[3121],"product_tag":[1479,2308,1394,1395,1396,1397,1398,1399,2450,1450],"class_list":{"0":"post-473071","1":"product","2":"type-product","3":"status-publish","4":"has-post-thumbnail","6":"product_cat-sale","7":"product_tag-farbe-blau","8":"product_tag-farbe-rosa","9":"product_tag-groesse-25","10":"product_tag-groesse-26","11":"product_tag-groesse-27","12":"product_tag-groesse-28","13":"product_tag-groesse-29","14":"product_tag-groesse-30","15":"product_tag-marke-froddo-ivancia-d-d","16":"product_tag-sale","18":"first","19":"instock","20":"sale","21":"taxable","22":"shipping-taxable","23":"purchasable","24":"product-type-variable"},"_links":{"self":[{"href":"https:\/\/schuhewiebarfuss.at\/shop\/wp-json\/wp\/v2\/product\/473071","targetHints":{"allow":["GET"]}}],"collection":[{"href":"https:\/\/schuhewiebarfuss.at\/shop\/wp-json\/wp\/v2\/product"}],"about":[{"href":"https:\/\/schuhewiebarfuss.at\/shop\/wp-json\/wp\/v2\/types\/product"}],"replies":[{"embeddable":true,"href":"https:\/\/schuhewiebarfuss.at\/shop\/wp-json\/wp\/v2\/comments?post=473071"}],"wp:featuredmedia":[{"embeddable":true,"href":"https:\/\/schuhewiebarfuss.at\/shop\/wp-json\/wp\/v2\/media\/516880"}],"wp:attachment":[{"href":"https:\/\/schuhewiebarfuss.at\/shop\/wp-json\/wp\/v2\/media?parent=473071"}],"wp:term":[{"taxonomy":"product_brand","embeddable":true,"href":"https:\/\/schuhewiebarfuss.at\/shop\/wp-json\/wp\/v2\/product_brand?post=473071"},{"taxonomy":"product_cat","embeddable":true,"href":"https:\/\/schuhewiebarfuss.at\/shop\/wp-json\/wp\/v2\/product_cat?post=473071"},{"taxonomy":"product_tag","embeddable":true,"href":"https:\/\/schuhewiebarfuss.at\/shop\/wp-json\/wp\/v2\/product_tag?post=473071"}],"curies":[{"name":"wp","href":"https:\/\/api.w.org\/{rel}","templated":true}]}}