{"id":472474,"date":"2024-04-04T23:47:56","date_gmt":"2024-04-04T21:47:56","guid":{"rendered":"https:\/\/schuhewiebarfuss.at\/shop\/produkt\/kaiman\/"},"modified":"2026-03-10T19:16:07","modified_gmt":"2026-03-10T18:16:07","slug":"kaiman","status":"publish","type":"product","link":"https:\/\/schuhewiebarfuss.at\/shop\/produkt\/kaiman\/","title":{"rendered":"Kaiman"},"content":{"rendered":"<p>Barfu\u00df durch den Tag? Das ist, was jedes Kind so mag! Gerade wenn die Sonne lacht, ist an extra viel Bel\u00fcftung gedacht.<br \/>\nAu\u00dferdem optimal Platz f\u00fcr den Zeh, so zwickt es nicht und tut nicht weh.<\/p>\n<p>Schlicht und luftig-leicht pirscht sich unser Kaiman als treuer Begleiter an jedem sonnigen Tag. Sch\u00fctzend legt sich die geschlossene Zehenbox \u00fcber jeden Kinderfu\u00df. Dank dem wunderbar einfachen Klettverschluss ist unser extrem flexsibler Sommerschuh im Handumdrehen angezogen.<\/p>\n<p>Unser Kaiman ist ein Multitalent an warmen Tagen, der alles bietet um f\u00fcr die t\u00e4glichen Abenteuer des Lebens perfekt ger\u00fcstet zu sein. Ob in der Schule, auf dem Spielplatz oder auch zu besonderen Gelegenheiten, immer perfekt ger\u00fcstet. Ebenso begleitet diese legere Sandale ihr Kind bestm\u00f6glich und ideal durch den Kindergartentag und ist ebenso jedem Gro\u00dfstadtabenteuer gewachsen.<\/p>\n<p>Die puristische Sandale ist ein richtiger Allrounder und l\u00e4sst sich wunderbar in jede Alltagssituation kombinieren, das leuchtende Pink bringt unseren Kaiman zum Strahlen. <\/p>\n<p>Die sehr weiche und hoch-abriebfeste Kautschuksohle ist auch f\u00fcr Allergiker geeignet, da diese kein Latex beinhaltet. Nat\u00fcrlich haben alle unsere Schuhe keinen Fersenabsatz und auch kein Fu\u00dfbett. Das robuste Veloursleder ist weich und anschmiegsam.<\/p>\n<p><b>Audio-Beschreibung<\/b><br \/><audio controls src=\"https:\/\/schuhewiebarfuss.at\/shop\/wp-content\/uploads\/lk\/6052_audio.wav\"><br \/>\n                                            Ihr Browser unterst\u00fctzt diese Audio-Ausgabe leider nicht.<br \/>\n                                            <\/ audio ><\/p>\n","protected":false},"excerpt":{"rendered":"<p>Obermaterial: Leder<br \/>\nInnenmaterial: Leder<br \/>\nVerschlussart: Klettverschluss<\/p>\n","protected":false},"featured_media":472473,"comment_status":"open","ping_status":"closed","template":"","meta":[],"product_brand":[],"product_cat":[3121],"product_tag":[1427,1371,1570,1481,1483,1385,1390,1391,1392,1393,1394,1395,1396,1397,1398,1399,1400,1401,1402,1403,1404,2463,1450],"class_list":{"0":"post-472474","1":"product","2":"type-product","3":"status-publish","4":"has-post-thumbnail","6":"product_cat-sale","7":"product_tag-farbe-gelb","8":"product_tag-farbe-grau","9":"product_tag-farbe-gruen","10":"product_tag-farbe-pink","11":"product_tag-groesse-19","12":"product_tag-groesse-20","13":"product_tag-groesse-21","14":"product_tag-groesse-22","15":"product_tag-groesse-23","16":"product_tag-groesse-24","17":"product_tag-groesse-25","18":"product_tag-groesse-26","19":"product_tag-groesse-27","20":"product_tag-groesse-28","21":"product_tag-groesse-29","22":"product_tag-groesse-30","23":"product_tag-groesse-31","24":"product_tag-groesse-32","25":"product_tag-groesse-33","26":"product_tag-groesse-34","27":"product_tag-groesse-35","28":"product_tag-marke-filii","29":"product_tag-sale","31":"first","32":"instock","33":"taxable","34":"shipping-taxable","35":"purchasable","36":"product-type-variable"},"_links":{"self":[{"href":"https:\/\/schuhewiebarfuss.at\/shop\/wp-json\/wp\/v2\/product\/472474","targetHints":{"allow":["GET"]}}],"collection":[{"href":"https:\/\/schuhewiebarfuss.at\/shop\/wp-json\/wp\/v2\/product"}],"about":[{"href":"https:\/\/schuhewiebarfuss.at\/shop\/wp-json\/wp\/v2\/types\/product"}],"replies":[{"embeddable":true,"href":"https:\/\/schuhewiebarfuss.at\/shop\/wp-json\/wp\/v2\/comments?post=472474"}],"wp:featuredmedia":[{"embeddable":true,"href":"https:\/\/schuhewiebarfuss.at\/shop\/wp-json\/wp\/v2\/media\/472473"}],"wp:attachment":[{"href":"https:\/\/schuhewiebarfuss.at\/shop\/wp-json\/wp\/v2\/media?parent=472474"}],"wp:term":[{"taxonomy":"product_brand","embeddable":true,"href":"https:\/\/schuhewiebarfuss.at\/shop\/wp-json\/wp\/v2\/product_brand?post=472474"},{"taxonomy":"product_cat","embeddable":true,"href":"https:\/\/schuhewiebarfuss.at\/shop\/wp-json\/wp\/v2\/product_cat?post=472474"},{"taxonomy":"product_tag","embeddable":true,"href":"https:\/\/schuhewiebarfuss.at\/shop\/wp-json\/wp\/v2\/product_tag?post=472474"}],"curies":[{"name":"wp","href":"https:\/\/api.w.org\/{rel}","templated":true}]}}