{"id":472205,"date":"2024-04-04T22:40:51","date_gmt":"2024-04-04T20:40:51","guid":{"rendered":"https:\/\/schuhewiebarfuss.at\/shop\/produkt\/greenstyle\/"},"modified":"2026-02-28T19:52:48","modified_gmt":"2026-02-28T18:52:48","slug":"greenstyle","status":"publish","type":"product","link":"https:\/\/schuhewiebarfuss.at\/shop\/produkt\/greenstyle\/","title":{"rendered":"greenStyle"},"content":{"rendered":"<p>Go green mit unserem Minimalschuh \u201egreenSTYLE\u201c! Unser gr\u00fcnes Modell ist nicht nur bequem wie gewohnt und sieht absolut toll aus, sondern besteht zudem noch aus nat\u00fcrlicher, GOTS zertifizierter Biobaumwolle. Die unverwechselbare, d\u00fcnne und flexible Laufsohle aus Kautschuk mit Echtkork-Anteil haben wir nat\u00fcrlich beibehalten, sodass du auch in ihnen dein perfektes Lauferlebnis genie\u00dfen kannst.<\/p>\n<p><b>Audio-Beschreibung<\/b><br \/><audio controls src=\"https:\/\/schuhewiebarfuss.at\/shop\/wp-content\/uploads\/lk\/6011_audio.wav\"><br \/>\n                                            Ihr Browser unterst\u00fctzt diese Audio-Ausgabe leider nicht.<br \/>\n                                            <\/ audio ><\/p>\n","protected":false},"excerpt":{"rendered":"<p>Obermaterial: Leinen \/ Flachs<br \/>\nInnenmaterial: Bio-Baumwolle (GOTS)<br \/>\nSohle: 70\/30 synth. Kautschuk\/Kork<br \/>\nVerschlussart: Schn\u00fcrschuh<br \/>\nVegan <\/p>\n","protected":false},"featured_media":472204,"comment_status":"open","ping_status":"closed","template":"","meta":[],"product_brand":[],"product_cat":[3121],"product_tag":[1479,2563,1368,1373,1374,1375,1376,1377,1378,1379,1380,1381,2447,1450],"class_list":{"0":"post-472205","1":"product","2":"type-product","3":"status-publish","4":"has-post-thumbnail","6":"product_cat-sale","7":"product_tag-farbe-blau","8":"product_tag-farbe-hellblau","9":"product_tag-groesse-37","10":"product_tag-groesse-38","11":"product_tag-groesse-39","12":"product_tag-groesse-40","13":"product_tag-groesse-41","14":"product_tag-groesse-42","15":"product_tag-groesse-43","16":"product_tag-groesse-44","17":"product_tag-groesse-45","18":"product_tag-groesse-46","19":"product_tag-marke-blifestyle","20":"product_tag-sale","22":"first","23":"instock","24":"taxable","25":"shipping-taxable","26":"purchasable","27":"product-type-variable"},"_links":{"self":[{"href":"https:\/\/schuhewiebarfuss.at\/shop\/wp-json\/wp\/v2\/product\/472205","targetHints":{"allow":["GET"]}}],"collection":[{"href":"https:\/\/schuhewiebarfuss.at\/shop\/wp-json\/wp\/v2\/product"}],"about":[{"href":"https:\/\/schuhewiebarfuss.at\/shop\/wp-json\/wp\/v2\/types\/product"}],"replies":[{"embeddable":true,"href":"https:\/\/schuhewiebarfuss.at\/shop\/wp-json\/wp\/v2\/comments?post=472205"}],"wp:featuredmedia":[{"embeddable":true,"href":"https:\/\/schuhewiebarfuss.at\/shop\/wp-json\/wp\/v2\/media\/472204"}],"wp:attachment":[{"href":"https:\/\/schuhewiebarfuss.at\/shop\/wp-json\/wp\/v2\/media?parent=472205"}],"wp:term":[{"taxonomy":"product_brand","embeddable":true,"href":"https:\/\/schuhewiebarfuss.at\/shop\/wp-json\/wp\/v2\/product_brand?post=472205"},{"taxonomy":"product_cat","embeddable":true,"href":"https:\/\/schuhewiebarfuss.at\/shop\/wp-json\/wp\/v2\/product_cat?post=472205"},{"taxonomy":"product_tag","embeddable":true,"href":"https:\/\/schuhewiebarfuss.at\/shop\/wp-json\/wp\/v2\/product_tag?post=472205"}],"curies":[{"name":"wp","href":"https:\/\/api.w.org\/{rel}","templated":true}]}}