{"id":472002,"date":"2024-04-04T21:39:50","date_gmt":"2024-04-04T19:39:50","guid":{"rendered":"https:\/\/schuhewiebarfuss.at\/shop\/produkt\/motus-herren\/"},"modified":"2026-04-18T18:41:48","modified_gmt":"2026-04-18T16:41:48","slug":"motus-herren","status":"publish","type":"product","link":"https:\/\/schuhewiebarfuss.at\/shop\/produkt\/motus-herren\/","title":{"rendered":"Motus Herren"},"content":{"rendered":"<p>Der Motus ist ein vielseitig einsetzbares Multiterrainmodell. Wir haben uns die W\u00fcnsche unserer Fans zu Herzen genommen und haben den Motus als den ultimativen Barfu\u00dfschuh f\u00fcr Sport und Bewegung jeder Art kreiert. Dieses Modell ist bei jeder Gelegenheit einsetzbar und zeichnet sich besonders durch seine bequeme Passform und das hauchd\u00fcnne, weiche Obermaterial aus atmungsaktivem Airmesh aus. F\u00fcr sicheren Halt sorgen die robusten Schn\u00fcrsenkel und der zus\u00e4tzliche Klettverschluss. Einzigartiger Komfort, modernes sportliches Design und das optimale Equipment f\u00fcr deinen Lieblingssport &#8211; das alles bringt der neue Motus mit. Das Modell kommt mit einer brandneuen 4,5mm Multiterrain-Sohle mit einem robusten Profil aus kleinen Noppen. Die Noppen der Sohle sind an den Seiten hochgezogen, um schnelle Richtungswechsel bei modernen Sportarten wie Squash, Crossfit und Parcours zu erm\u00f6glichen. Er eignet sich nat\u00fcrlich auch gleicherma\u00dfen als Alltagsschuh f\u00fcr Asphalt oder als Lauf- und Fitnessstudio-Schuh. Ganz egal, wo du deinen Motus tr\u00e4gst, deine F\u00fc\u00dfe werden ihn lieben!<\/p>\n<p><b>Audio-Beschreibung<\/b><br \/><audio controls src=\"https:\/\/schuhewiebarfuss.at\/shop\/wp-content\/uploads\/lk\/6164_audio.wav\"><br \/>\n                                            Ihr Browser unterst\u00fctzt diese Audio-Ausgabe leider nicht.<br \/>\n                                            <\/ audio ><\/p>\n","protected":false},"excerpt":{"rendered":"<p>\u2022Obermaterial: atmungsaktives Airmesh<br \/>\n\u2022100% vegan<br \/>\n\u2022neue, abrieb- und durchstichfeste Pro5-Sohlentechnologie<br \/>\n\u2022Neue patentierte 4,5mm Multiterrain-Barfu\u00dfsohle mit Profil.<br \/>\n\u2022Gewicht pro Schuh: 200g (Gr.37)<br \/>\n\u2022weich gepolsterte Zunge<br \/>\n\u2022Klettverschluss f\u00fcr besseren Halt<\/p>\n","protected":false},"featured_media":472001,"comment_status":"open","ping_status":"closed","template":"","meta":[],"product_brand":[],"product_cat":[3121],"product_tag":[2660,1371,1600,1408,1375,1376,1377,1378,1379,1380,1381,1449,2451,1450],"class_list":{"0":"post-472002","1":"product","2":"type-product","3":"status-publish","4":"has-post-thumbnail","6":"product_cat-sale","7":"product_tag-farbe-gold","8":"product_tag-farbe-grau","9":"product_tag-farbe-rot","10":"product_tag-farbe-schwarz","11":"product_tag-groesse-40","12":"product_tag-groesse-41","13":"product_tag-groesse-42","14":"product_tag-groesse-43","15":"product_tag-groesse-44","16":"product_tag-groesse-45","17":"product_tag-groesse-46","18":"product_tag-groesse-47","19":"product_tag-marke-vivobarefoot","20":"product_tag-sale","22":"first","23":"instock","24":"taxable","25":"shipping-taxable","26":"purchasable","27":"product-type-variable"},"_links":{"self":[{"href":"https:\/\/schuhewiebarfuss.at\/shop\/wp-json\/wp\/v2\/product\/472002","targetHints":{"allow":["GET"]}}],"collection":[{"href":"https:\/\/schuhewiebarfuss.at\/shop\/wp-json\/wp\/v2\/product"}],"about":[{"href":"https:\/\/schuhewiebarfuss.at\/shop\/wp-json\/wp\/v2\/types\/product"}],"replies":[{"embeddable":true,"href":"https:\/\/schuhewiebarfuss.at\/shop\/wp-json\/wp\/v2\/comments?post=472002"}],"wp:featuredmedia":[{"embeddable":true,"href":"https:\/\/schuhewiebarfuss.at\/shop\/wp-json\/wp\/v2\/media\/472001"}],"wp:attachment":[{"href":"https:\/\/schuhewiebarfuss.at\/shop\/wp-json\/wp\/v2\/media?parent=472002"}],"wp:term":[{"taxonomy":"product_brand","embeddable":true,"href":"https:\/\/schuhewiebarfuss.at\/shop\/wp-json\/wp\/v2\/product_brand?post=472002"},{"taxonomy":"product_cat","embeddable":true,"href":"https:\/\/schuhewiebarfuss.at\/shop\/wp-json\/wp\/v2\/product_cat?post=472002"},{"taxonomy":"product_tag","embeddable":true,"href":"https:\/\/schuhewiebarfuss.at\/shop\/wp-json\/wp\/v2\/product_tag?post=472002"}],"curies":[{"name":"wp","href":"https:\/\/api.w.org\/{rel}","templated":true}]}}