{"id":471959,"date":"2024-04-04T21:28:47","date_gmt":"2024-04-04T19:28:47","guid":{"rendered":"https:\/\/schuhewiebarfuss.at\/shop\/produkt\/forza-trainer-herren\/"},"modified":"2026-04-09T22:08:22","modified_gmt":"2026-04-09T20:08:22","slug":"forza-trainer-herren","status":"publish","type":"product","link":"https:\/\/schuhewiebarfuss.at\/shop\/produkt\/forza-trainer-herren\/","title":{"rendered":"Forza Trainer Herren"},"content":{"rendered":"<p>Kraft und Stabilit\u00e4t entstehen durch die Verbindung der F\u00fc\u00dfe mit dem Boden. Der &#8222;umschlie\u00dfende&#8220; Fersen- und Ristriemen des Forza Trainer gibt diese Verbindung.<\/p>\n<p>Die bootie-\u00e4hnliche Konstruktion und das seidig-weiche Futter machen nicht nur Ihr Training bequemer als je zuvor, sondern k\u00f6nnten den Forza Trainer zu Ihrem Schuh f\u00fcr jeden Tag, den ganzen Tag machen.<\/p>\n<p>LEISTUNG + STABILIT\u00c4T<\/p>\n<p>Im Italienischen bedeutet &#8222;Forza&#8220; &#8222;Kraft&#8220;. Maximieren Sie also Ihre &#8222;Forza&#8220; mit dem Forza Trainer. Sie haben sich noch nie so sicher gef\u00fchlt wie mit dem Fersen- und Ristriemen. Der Mittelfu\u00dfriemen, die geformte Seitenwand und das griffige Profil sorgen f\u00fcr zus\u00e4tzliche laterale Stabilit\u00e4t. <\/p>\n<p>LEICHTER MESH-BOOTIE<\/p>\n<p>Die bootie-\u00e4hnliche Konstruktion und das feuchtigkeitsregulierende, seidenweiche Innenfutter machen die Forza Trainer so bequem, dass Sie sie zum Fitnessstudio, im Fitnessstudio, nach dem Fitnessstudio und \u00fcberall sonst tragen k\u00f6nnen.<\/p>\n<p><b>Audio-Beschreibung<\/b><br \/><audio controls src=\"https:\/\/schuhewiebarfuss.at\/shop\/wp-content\/uploads\/lk\/5974_audio.wav\"><br \/>\n                                            Ihr Browser unterst\u00fctzt diese Audio-Ausgabe leider nicht.<br \/>\n                                            <\/ audio ><\/p>\n","protected":false},"excerpt":{"rendered":"<p>Breite Zehenbox, die der nat\u00fcrlichen Form der Zehen folgt<br \/>\nNull Fersen-zu-Zehen-Abfall<br \/>\nKeine Bogenunterst\u00fctzung<br \/>\nEine flexible und d\u00fcnne Sohle<br \/>\nLeicht<\/p>\n","protected":false},"featured_media":471958,"comment_status":"open","ping_status":"closed","template":"","meta":[],"product_brand":[],"product_cat":[838],"product_tag":[1479,1371,1600,1408,1651,1375,1376,1377,1378,1379,1380,1381,1449,2446],"class_list":{"0":"post-471959","1":"product","2":"type-product","3":"status-publish","4":"has-post-thumbnail","6":"product_cat-sport-3","7":"product_tag-farbe-blau","8":"product_tag-farbe-grau","9":"product_tag-farbe-rot","10":"product_tag-farbe-schwarz","11":"product_tag-farbe-weiss","12":"product_tag-groesse-40","13":"product_tag-groesse-41","14":"product_tag-groesse-42","15":"product_tag-groesse-43","16":"product_tag-groesse-44","17":"product_tag-groesse-45","18":"product_tag-groesse-46","19":"product_tag-groesse-47","20":"product_tag-marke-xero","22":"first","23":"instock","24":"taxable","25":"shipping-taxable","26":"purchasable","27":"product-type-variable"},"_links":{"self":[{"href":"https:\/\/schuhewiebarfuss.at\/shop\/wp-json\/wp\/v2\/product\/471959","targetHints":{"allow":["GET"]}}],"collection":[{"href":"https:\/\/schuhewiebarfuss.at\/shop\/wp-json\/wp\/v2\/product"}],"about":[{"href":"https:\/\/schuhewiebarfuss.at\/shop\/wp-json\/wp\/v2\/types\/product"}],"replies":[{"embeddable":true,"href":"https:\/\/schuhewiebarfuss.at\/shop\/wp-json\/wp\/v2\/comments?post=471959"}],"wp:featuredmedia":[{"embeddable":true,"href":"https:\/\/schuhewiebarfuss.at\/shop\/wp-json\/wp\/v2\/media\/471958"}],"wp:attachment":[{"href":"https:\/\/schuhewiebarfuss.at\/shop\/wp-json\/wp\/v2\/media?parent=471959"}],"wp:term":[{"taxonomy":"product_brand","embeddable":true,"href":"https:\/\/schuhewiebarfuss.at\/shop\/wp-json\/wp\/v2\/product_brand?post=471959"},{"taxonomy":"product_cat","embeddable":true,"href":"https:\/\/schuhewiebarfuss.at\/shop\/wp-json\/wp\/v2\/product_cat?post=471959"},{"taxonomy":"product_tag","embeddable":true,"href":"https:\/\/schuhewiebarfuss.at\/shop\/wp-json\/wp\/v2\/product_tag?post=471959"}],"curies":[{"name":"wp","href":"https:\/\/api.w.org\/{rel}","templated":true}]}}