{"id":471678,"date":"2024-04-04T19:27:44","date_gmt":"2024-04-04T17:27:44","guid":{"rendered":"https:\/\/schuhewiebarfuss.at\/shop\/produkt\/magna-fg-damen\/"},"modified":"2026-03-01T17:43:03","modified_gmt":"2026-03-01T16:43:03","slug":"magna-fg-damen","status":"publish","type":"product","link":"https:\/\/schuhewiebarfuss.at\/shop\/produkt\/magna-fg-damen\/","title":{"rendered":"Magna FG Damen"},"content":{"rendered":"<p>VIVOBAREFOOT MAGNA\u00a0FG\u00a0LEATHER WOMENS<\/p>\n<p>Unser Allround-Wandermodell MAGNA FG\u00a0LEATHER\u00a0ist nun in einer neuen Version, mit Leder-Obermaterial und einer Innensocke aus reiner Schurwolle der Woolmark Company erh\u00e4ltlich.<\/p>\n<p>Das robuste Leder-Obermaterial bietet in allen Situationen besten Schutz und h\u00e4lt an k\u00e4lteren Tagen die F\u00fc\u00dfe Warm. Die dehnbare Innensocke aus reiner Schurwolle schmiegt sich angenehm an den Fu\u00df und verhindert das Eindringen kleiner Objekte in das Schuhinnere.<\/p>\n<p>Die 3mm dicke V-Treck Sohle mit 3mm hohen, f\u00fcr Langlebigkeit geformten Noppen, bietet auf rutschigem Terrain sowie auf harten B\u00f6den festen Halt. Unsere Herausnehmbare 3mm Thermal-Insole bietet an winterlichen Tagen zus\u00e4tzlichen Schutz vor kalten B\u00f6den.<\/p>\n<p>Der MAGNA FG LEATHER ist als Wanderschuh oder Winterschuh in der Stadt einsetzbar und somit der perfekte Barfu\u00df-Begleiter f\u00fcr alle Situationen.<\/p>\n<p><b>Audio-Beschreibung<\/b><br \/><audio controls src=\"https:\/\/schuhewiebarfuss.at\/shop\/wp-content\/uploads\/lk\/5052_audio.wav\"><br \/>\n                                            Ihr Browser unterst\u00fctzt diese Audio-Ausgabe leider nicht.<br \/>\n                                            <\/ audio ><\/p>\n","protected":false},"excerpt":{"rendered":"<p>VIVOBAREFOOT MAGNA\u00a0FG\u00a0LEATHER WOMENS<\/p>\n<p>Obermaterial: Pflanzlich gegerbtes Leder<br \/>\nInnenmaterial: Dehnbare Innensocke aus reiner Schurwolle der Woolmark Company<br \/>\nSohle: Patentierte 3mm Firm-Ground-Sohle mit 3mm Noppen f\u00fcr besten Halt in jedem Gel\u00e4nde<br \/>\nInnensohle: Herausnehmbare 3mm Thermal Insole<br \/>\nSchn\u00fcrschuh<\/p>\n","protected":false},"featured_media":471677,"comment_status":"open","ping_status":"closed","template":"","meta":[],"product_brand":[],"product_cat":[3121],"product_tag":[1798,1408,1651,1362,1368,1373,1374,1375,1376,1377,2451,1450],"class_list":{"0":"post-471678","1":"product","2":"type-product","3":"status-publish","4":"has-post-thumbnail","6":"product_cat-sale","7":"product_tag-farbe-hellbraun","8":"product_tag-farbe-schwarz","9":"product_tag-farbe-weiss","10":"product_tag-groesse-36","11":"product_tag-groesse-37","12":"product_tag-groesse-38","13":"product_tag-groesse-39","14":"product_tag-groesse-40","15":"product_tag-groesse-41","16":"product_tag-groesse-42","17":"product_tag-marke-vivobarefoot","18":"product_tag-sale","20":"first","21":"instock","22":"sale","23":"taxable","24":"shipping-taxable","25":"purchasable","26":"product-type-variable"},"_links":{"self":[{"href":"https:\/\/schuhewiebarfuss.at\/shop\/wp-json\/wp\/v2\/product\/471678","targetHints":{"allow":["GET"]}}],"collection":[{"href":"https:\/\/schuhewiebarfuss.at\/shop\/wp-json\/wp\/v2\/product"}],"about":[{"href":"https:\/\/schuhewiebarfuss.at\/shop\/wp-json\/wp\/v2\/types\/product"}],"replies":[{"embeddable":true,"href":"https:\/\/schuhewiebarfuss.at\/shop\/wp-json\/wp\/v2\/comments?post=471678"}],"wp:featuredmedia":[{"embeddable":true,"href":"https:\/\/schuhewiebarfuss.at\/shop\/wp-json\/wp\/v2\/media\/471677"}],"wp:attachment":[{"href":"https:\/\/schuhewiebarfuss.at\/shop\/wp-json\/wp\/v2\/media?parent=471678"}],"wp:term":[{"taxonomy":"product_brand","embeddable":true,"href":"https:\/\/schuhewiebarfuss.at\/shop\/wp-json\/wp\/v2\/product_brand?post=471678"},{"taxonomy":"product_cat","embeddable":true,"href":"https:\/\/schuhewiebarfuss.at\/shop\/wp-json\/wp\/v2\/product_cat?post=471678"},{"taxonomy":"product_tag","embeddable":true,"href":"https:\/\/schuhewiebarfuss.at\/shop\/wp-json\/wp\/v2\/product_tag?post=471678"}],"curies":[{"name":"wp","href":"https:\/\/api.w.org\/{rel}","templated":true}]}}