{"id":471149,"date":"2024-04-04T11:14:24","date_gmt":"2024-04-04T09:14:24","guid":{"rendered":"https:\/\/schuhewiebarfuss.at\/shop\/produkt\/froddo-prewalkers-organic\/"},"modified":"2026-03-01T18:02:30","modified_gmt":"2026-03-01T17:02:30","slug":"froddo-prewalkers-organic","status":"publish","type":"product","link":"https:\/\/schuhewiebarfuss.at\/shop\/produkt\/froddo-prewalkers-organic\/","title":{"rendered":"Froddo Prewalkers Organic"},"content":{"rendered":"<p>Froddo Prewalkers mit mehr Platz f\u00fcr kleine Zehen aus Chromfreies Leder, zertifizierte Materialien und mit besonders viel Flexibilit\u00e4t. Ideal f\u00fcr Laufanf\u00e4nger und zum Krabbeln. Prewalkers Organic ist als Indoor-Schuhe geeignet, aber auch f\u00fcr k\u00fcrzere und nicht so anspruchsvolle Spazierg\u00e4ngen drau\u00dfen ideal. Die Sohle besteht gerade mal aus einer 1 mm d\u00fcnnen Gummischicht und bietet dadurch volle flexibilit\u00e4t und sind vor Feuchtigkeit und Abrieb gesch\u00fctzt. Sie erm\u00f6glichen einen st\u00e4ndigen Fu\u00dfkontakt mit dem Boden und Unebenheiten und sorgen so f\u00fcr eine aktive Fu\u00dfarbeit und Tastgef\u00fchl. Sie haben keine Hinterkappe, was sie weich und flexibel im Fersenbereich macht. Ein gro\u00dfer Klettverschl\u00fcsse erm\u00f6glicht ein kinderleichtes an- und ausziehen.<\/p>\n<p>Obermaterial: Bio-Baumwolle<br \/>\nFutter: chromfreies Naturleder<br \/>\nInnensohle: chromfreies Naturleder<br \/>\nAu\u00dfensohle: Gummi &#8211; NEUE AUSSENSOHLE \u2013 toller Grip und Haltbarkeit<br \/>\nVerschluss: Klettverschluss<br \/>\nF\u00fcr breite f\u00fcr mittlere F\u00fc\u00dfe<br \/>\nChromfreies Leder, zertifizierte Materialien, besonders flexibel<br \/>\nGr\u00f6\u00dfe: 18 &#8211; 22<\/p>\n<p>Es ist empfehlenswert die Schuhe nur mit nat\u00fcrlichen Impr\u00e4gnierungen zu impr\u00e4gnieren.<\/p>\n<p>Innensohle &#8211; L\u00e4nge\/Breite (mm):<\/p>\n<p>Gr\u00f6\u00dfe: 18 &#8211; L\u00e4nge: 116 mm &#8211; Breite: 47 mm<br \/>\nGr\u00f6\u00dfe: 19 &#8211; L\u00e4nge: 122 mm &#8211; Breite: 48 mm<br \/>\nGr\u00f6\u00dfe: 20 &#8211; L\u00e4nge: 129 mm &#8211; Breite: 49 mm<br \/>\nGr\u00f6\u00dfe: 21 &#8211; L\u00e4nge: 135 mm &#8211; Breite: 49 mm<br \/>\nGr\u00f6\u00dfe: 22 &#8211; L\u00e4nge: 142 mm &#8211; Breite: 51 mm<br \/>\nGr\u00f6\u00dfe: 23 &#8211; L\u00e4nge: 148 mm &#8211; Breite: 52 mm<br \/>\nGr\u00f6\u00dfe: 24 &#8211; L\u00e4nge: 155 mm &#8211; Breite: 53 mm<\/p>\n<p><b>Audio-Beschreibung<\/b><br \/><audio controls src=\"https:\/\/schuhewiebarfuss.at\/shop\/wp-content\/uploads\/lk\/9488_audio.wav\"><br \/>\n                                            Ihr Browser unterst\u00fctzt diese Audio-Ausgabe leider nicht.<br \/>\n                                            <\/ audio ><\/p>\n","protected":false},"excerpt":{"rendered":"<p>Froddo Prewalkers ORGANIC<\/p>\n<p>mit mehr Platz f\u00fcr kleine Zehen aus Chromfreies Leder, zertifizierte Materialien und mit besonders viel Flexibelit\u00e4t.<br \/>\nIdeal f\u00fcr Laufanf\u00e4nger und zum Krabbelkinder.<\/p>\n<p>Obermaterial: Bio-Baumwolle<br \/>\nFutter: Naturleder<br \/>\nInnensohle: Naturleder<br \/>\nAu\u00dfensohle: Gummi &#8211; neue Au\u00dfensohle<br \/>\nVerschluss: Klettverschluss<br \/>\nF\u00fcr breite f\u00fcr mittlere F\u00fc\u00dfe<br \/>\nChromfreies Leder<br \/>\nzertifizierte Materialien<br \/>\nbesonders flexibel<br \/>\nGr\u00f6\u00dfe: 18 &#8211; 22<\/p>\n","protected":false},"featured_media":515980,"comment_status":"open","ping_status":"closed","template":"","meta":[],"product_brand":[],"product_cat":[3121],"product_tag":[1479,1481,1550,1483,1385,1390,1391,2450,1450],"class_list":{"0":"post-471149","1":"product","2":"type-product","3":"status-publish","4":"has-post-thumbnail","6":"product_cat-sale","7":"product_tag-farbe-blau","8":"product_tag-farbe-pink","9":"product_tag-groesse-18","10":"product_tag-groesse-19","11":"product_tag-groesse-20","12":"product_tag-groesse-21","13":"product_tag-groesse-22","14":"product_tag-marke-froddo-ivancia-d-d","15":"product_tag-sale","17":"first","18":"instock","19":"taxable","20":"shipping-taxable","21":"purchasable","22":"product-type-variable"},"_links":{"self":[{"href":"https:\/\/schuhewiebarfuss.at\/shop\/wp-json\/wp\/v2\/product\/471149","targetHints":{"allow":["GET"]}}],"collection":[{"href":"https:\/\/schuhewiebarfuss.at\/shop\/wp-json\/wp\/v2\/product"}],"about":[{"href":"https:\/\/schuhewiebarfuss.at\/shop\/wp-json\/wp\/v2\/types\/product"}],"replies":[{"embeddable":true,"href":"https:\/\/schuhewiebarfuss.at\/shop\/wp-json\/wp\/v2\/comments?post=471149"}],"wp:featuredmedia":[{"embeddable":true,"href":"https:\/\/schuhewiebarfuss.at\/shop\/wp-json\/wp\/v2\/media\/515980"}],"wp:attachment":[{"href":"https:\/\/schuhewiebarfuss.at\/shop\/wp-json\/wp\/v2\/media?parent=471149"}],"wp:term":[{"taxonomy":"product_brand","embeddable":true,"href":"https:\/\/schuhewiebarfuss.at\/shop\/wp-json\/wp\/v2\/product_brand?post=471149"},{"taxonomy":"product_cat","embeddable":true,"href":"https:\/\/schuhewiebarfuss.at\/shop\/wp-json\/wp\/v2\/product_cat?post=471149"},{"taxonomy":"product_tag","embeddable":true,"href":"https:\/\/schuhewiebarfuss.at\/shop\/wp-json\/wp\/v2\/product_tag?post=471149"}],"curies":[{"name":"wp","href":"https:\/\/api.w.org\/{rel}","templated":true}]}}