{"id":470287,"date":"2024-04-03T19:27:44","date_gmt":"2024-04-03T17:27:44","guid":{"rendered":"https:\/\/schuhewiebarfuss.at\/shop\/produkt\/cassie-hemp-damen\/"},"modified":"2026-03-11T19:54:36","modified_gmt":"2026-03-11T18:54:36","slug":"cassie-hemp-damen","status":"publish","type":"product","link":"https:\/\/schuhewiebarfuss.at\/shop\/produkt\/cassie-hemp-damen\/","title":{"rendered":"Cassie Hemp Damen"},"content":{"rendered":"<p>Super bequem mit einem umweltfreundlichen Hanf-Canvas-Obermaterial.<\/p>\n<p>Ihre F\u00fc\u00dfe sollen sich beugen, beugen und die Welt sp\u00fcren. Die Cassie l\u00e4sst Sie das tun.<\/p>\n<p>Natural FIT \u2013 die breite Zehenbox l\u00e4sst Ihre Zehen spreizen und entspannen. Au\u00dferdem erm\u00f6glicht die \u201eXERO-Drop\u201c-Sohle (nicht erh\u00f6hte Ferse und bodennah) eine richtige K\u00f6rperhaltung, Balance und Beweglichkeit.<\/p>\n<p>Nat\u00fcrliche FUNKTION \u2013 die flexible Cassie l\u00e4sst Ihre F\u00fc\u00dfe sich so beugen, bewegen und beugen, wie es die F\u00fc\u00dfe sollen. Au\u00dferdem sind sie so leicht, dass Sie vielleicht vergessen, dass Sie sie anhaben. Eine Damengr\u00f6\u00dfe 37,5 wiegt jeweils nur 170 Gramm.<\/p>\n<p>Nat\u00fcrliches Gef\u00fchl \u2013 der Cassie verwendet die 5,5-mm-FeelTrue\u00ae-Gummisohle. Das bedeutet, dass Sie Schutz erhalten und dennoch die Empfindungen sp\u00fcren k\u00f6nnen, die Ihre F\u00fc\u00dfe wollen. Wenn Sie etwas zus\u00e4tzlichen Schutz ben\u00f6tigen, f\u00fcgen Sie einfach die 3-mm-Einlegesohle hinzu, die mit Ihrem Paar geliefert wird.<\/p>\n<p>Umwelt- und veganfreundliche Materialien \u2013 der Cassie hat ein Hanf-Canvas-Obermaterial aus Hanf. Sie k\u00f6nnen es mit Wasser und Seife waschen.<\/p>\n<p>Von Huarache inspiriertes Design \u2013 der Fersen-\/Ristriemen f\u00fcgt einen subtilen, auff\u00e4lligen Ruf hinzu, ist aber auch funktional, h\u00e4lt Ihre Ferse und zieht sich um Ihren Spann.<\/p>\n<p>Flexible Ferse \u2013 Sie k\u00f6nnen auf die Ferse treten und die Cassie als Panty tragen<\/p>\n<p><b>Audio-Beschreibung<\/b><br \/><audio controls src=\"https:\/\/schuhewiebarfuss.at\/shop\/wp-content\/uploads\/lk\/5969_audio.wav\"><br \/>\n                                            Ihr Browser unterst\u00fctzt diese Audio-Ausgabe leider nicht.<br \/>\n                                            <\/ audio ><\/p>\n","protected":false},"excerpt":{"rendered":"<p>Obermaterial: Hanf-Canvas<br \/>\nInnensohle: herausnehmbar<br \/>\nSohle: Gummi<br \/>\n100% Vegan<br \/>\nVerschlussart: Klettverschluss <\/p>\n","protected":false},"featured_media":470286,"comment_status":"open","ping_status":"closed","template":"","meta":[],"product_brand":[],"product_cat":[3121],"product_tag":[1479,3080,1408,2312,1362,2314,1368,1373,1374,1375,1526,1376,2317,1377,2446,1450],"class_list":{"0":"post-470287","1":"product","2":"type-product","3":"status-publish","4":"has-post-thumbnail","6":"product_cat-sale","7":"product_tag-farbe-blau","8":"product_tag-farbe-red","9":"product_tag-farbe-schwarz","10":"product_tag-groesse-35-5","11":"product_tag-groesse-36","12":"product_tag-groesse-36-5","13":"product_tag-groesse-37","14":"product_tag-groesse-38","15":"product_tag-groesse-39","16":"product_tag-groesse-40","17":"product_tag-groesse-40-5","18":"product_tag-groesse-41","19":"product_tag-groesse-41-5","20":"product_tag-groesse-42","21":"product_tag-marke-xero","22":"product_tag-sale","24":"first","25":"instock","26":"sale","27":"taxable","28":"shipping-taxable","29":"purchasable","30":"product-type-variable"},"_links":{"self":[{"href":"https:\/\/schuhewiebarfuss.at\/shop\/wp-json\/wp\/v2\/product\/470287","targetHints":{"allow":["GET"]}}],"collection":[{"href":"https:\/\/schuhewiebarfuss.at\/shop\/wp-json\/wp\/v2\/product"}],"about":[{"href":"https:\/\/schuhewiebarfuss.at\/shop\/wp-json\/wp\/v2\/types\/product"}],"replies":[{"embeddable":true,"href":"https:\/\/schuhewiebarfuss.at\/shop\/wp-json\/wp\/v2\/comments?post=470287"}],"wp:featuredmedia":[{"embeddable":true,"href":"https:\/\/schuhewiebarfuss.at\/shop\/wp-json\/wp\/v2\/media\/470286"}],"wp:attachment":[{"href":"https:\/\/schuhewiebarfuss.at\/shop\/wp-json\/wp\/v2\/media?parent=470287"}],"wp:term":[{"taxonomy":"product_brand","embeddable":true,"href":"https:\/\/schuhewiebarfuss.at\/shop\/wp-json\/wp\/v2\/product_brand?post=470287"},{"taxonomy":"product_cat","embeddable":true,"href":"https:\/\/schuhewiebarfuss.at\/shop\/wp-json\/wp\/v2\/product_cat?post=470287"},{"taxonomy":"product_tag","embeddable":true,"href":"https:\/\/schuhewiebarfuss.at\/shop\/wp-json\/wp\/v2\/product_tag?post=470287"}],"curies":[{"name":"wp","href":"https:\/\/api.w.org\/{rel}","templated":true}]}}