{"id":469800,"date":"2024-04-03T09:17:10","date_gmt":"2024-04-03T07:17:10","guid":{"rendered":"https:\/\/schuhewiebarfuss.at\/shop\/produkt\/oneq-slip-on-hemp-damen-grau\/"},"modified":"2026-03-09T19:32:20","modified_gmt":"2026-03-09T18:32:20","slug":"oneq-slip-on-hemp-damen-grau","status":"publish","type":"product","link":"https:\/\/schuhewiebarfuss.at\/shop\/produkt\/oneq-slip-on-hemp-damen-grau\/","title":{"rendered":"OneQ Slip On Hemp Damen Grau"},"content":{"rendered":"<p>Vibram nimmt die Herausforderung an, die Leistung bei \u00bc der Lautst\u00e4rke aufrechtzuerhalten, und pr\u00e4sentiert den neuen Vibram \u00bc (Vibram One Quarter). Mit seinem speziellen dreidimensionalen Origami-Design und der einzigartigen Technologie seiner Sohle (Vibram LiteBase) ist Vibram \u00bc ein leichter, bequemer und kompakter Schuh, leicht zu transportieren und perfekt f\u00fcr unterwegs. Ein Produkt im modernen Look, das der ideale Begleiter f\u00fcr Ihre Freizeit, Ihre Stadtabenteuer und \u2013 warum nicht \u2013 ein einzigartiges Geschenk ist!<\/p>\n<p>TRAGBAR:<\/p>\n<p>Die Sohle basiert auf einem speziellen dreidimensionalen Origami-Design, das sie zu einer kompakten und stabilen geometrischen Struktur macht.<\/p>\n<p>NAT\u00dcRLICHER KOMFORT:<\/p>\n<p>Auch wenn er faltbar ist, beh\u00e4lt er die bequeme Passform eines normalen Schuhs. Dar\u00fcber hinaus erh\u00f6ht das in der Innensohle verwendete Bambusmaterial den K\u00fchlkomfort.<\/p>\n<p>MINIMALISMUS &amp; LEICHTIGKEIT:<\/p>\n<p>Sohle mit Vibram LITEBASE-Technologie mit Gumlite, Vibram-geblasener Mischung. Wir stellen vor: Vibram LITEBASE Tech \u2013 die Dicke und das Gewicht von Gummilaufsohlen werden drastisch reduziert und der von Vibram erwartete Grip und die Traktion bleiben vollst\u00e4ndig erhalten.<\/p>\n<p>Diese neue Technologie reduziert die Basisdicke bei identischem Sohlendesign drastisch um bis zu 50 % und erm\u00f6glicht eine Reduzierung des Gesamtgewichts um bis zu 30 %.<\/p>\n<p>Zusammensetzung: <\/p>\n<p>Sohle: Vibram Rubber Gumlite mit Vibram LITEBASE-Technologie<br \/>\nObermaterial: Hanf<\/p>\n<p><b>Audio-Beschreibung<\/b><br \/><audio controls src=\"https:\/\/schuhewiebarfuss.at\/shop\/wp-content\/uploads\/lk\/6024_audio.wav\"><br \/>\n                                            Ihr Browser unterst\u00fctzt diese Audio-Ausgabe leider nicht.<br \/>\n                                            <\/ audio ><\/p>\n","protected":false},"excerpt":{"rendered":"<p>Obermaterial: Hanf<br \/>\nInnensohle: Bambusmaterial<br \/>\nSohle: Vibram Rubber Gumlite mit Vibram LITEBASE-Technologie<br \/>\nDesigntyp: Mokassin, Schl\u00fcpfer<br \/>\nBesonderheiten: dreidimensionales Origami-Design der Sohle, faltbar, super leicht<\/p>\n<p>Produkt enth\u00e4lt zus\u00e4tzlich eine quadratisches kleine Aufbewahrungstasche!<\/p>\n","protected":false},"featured_media":498833,"comment_status":"open","ping_status":"closed","template":"","meta":[],"product_brand":[],"product_cat":[3121],"product_tag":[1362,1368,1373,1374,1375,1376,1377,2865,1450],"class_list":{"0":"post-469800","1":"product","2":"type-product","3":"status-publish","4":"has-post-thumbnail","6":"product_cat-sale","7":"product_tag-groesse-36","8":"product_tag-groesse-37","9":"product_tag-groesse-38","10":"product_tag-groesse-39","11":"product_tag-groesse-40","12":"product_tag-groesse-41","13":"product_tag-groesse-42","14":"product_tag-marke-vibram","15":"product_tag-sale","17":"first","18":"instock","19":"taxable","20":"shipping-taxable","21":"purchasable","22":"product-type-variable"},"_links":{"self":[{"href":"https:\/\/schuhewiebarfuss.at\/shop\/wp-json\/wp\/v2\/product\/469800","targetHints":{"allow":["GET"]}}],"collection":[{"href":"https:\/\/schuhewiebarfuss.at\/shop\/wp-json\/wp\/v2\/product"}],"about":[{"href":"https:\/\/schuhewiebarfuss.at\/shop\/wp-json\/wp\/v2\/types\/product"}],"replies":[{"embeddable":true,"href":"https:\/\/schuhewiebarfuss.at\/shop\/wp-json\/wp\/v2\/comments?post=469800"}],"wp:featuredmedia":[{"embeddable":true,"href":"https:\/\/schuhewiebarfuss.at\/shop\/wp-json\/wp\/v2\/media\/498833"}],"wp:attachment":[{"href":"https:\/\/schuhewiebarfuss.at\/shop\/wp-json\/wp\/v2\/media?parent=469800"}],"wp:term":[{"taxonomy":"product_brand","embeddable":true,"href":"https:\/\/schuhewiebarfuss.at\/shop\/wp-json\/wp\/v2\/product_brand?post=469800"},{"taxonomy":"product_cat","embeddable":true,"href":"https:\/\/schuhewiebarfuss.at\/shop\/wp-json\/wp\/v2\/product_cat?post=469800"},{"taxonomy":"product_tag","embeddable":true,"href":"https:\/\/schuhewiebarfuss.at\/shop\/wp-json\/wp\/v2\/product_tag?post=469800"}],"curies":[{"name":"wp","href":"https:\/\/api.w.org\/{rel}","templated":true}]}}