{"id":469651,"date":"2024-04-03T03:44:55","date_gmt":"2024-04-03T01:44:55","guid":{"rendered":"https:\/\/schuhewiebarfuss.at\/shop\/produkt\/wrapt-herren\/"},"modified":"2026-02-28T20:38:16","modified_gmt":"2026-02-28T19:38:16","slug":"wrapt-herren","status":"publish","type":"product","link":"https:\/\/schuhewiebarfuss.at\/shop\/produkt\/wrapt-herren\/","title":{"rendered":"Wrapt Herren"},"content":{"rendered":"<p>Ein Schuh, der Sie durch die Sintflut begleitet und Sie mittags sicher nach Hause bringt.<br \/>\nMerrell Wrapt<\/p>\n<p>Der neue minimalistische Wrapt-Stiefel ist daf\u00fcr gemacht, dass Sie sich in jeder Situation wohl f\u00fchlen:<br \/>\nDu wanderst durch den Wald oder auf den Berg und es beginnt zu regnen?<\/p>\n<p>Singen Sie &#8222;Singing in the Rain&#8220;.<\/p>\n<p>Sie sind wasserdicht. Sie brauchen nicht zu bremsen, Ihre F\u00fc\u00dfe bleiben trocken, bis Sie Ihr Ziel erreicht haben.<br \/>\nRegnet es, ist es kalt oder bist du im Schnee?<\/p>\n<p>Das Obermaterial aus Leder isoliert Sie gegen die K\u00e4lte, w\u00e4hrend atmungsaktives Mesh Ihre F\u00fc\u00dfe atmen l\u00e4sst.<\/p>\n<p>Wenn nichts von alledem zutrifft, k\u00f6nnen Sie die Schuhe auch auf dem Land, auf Wanderwegen und in der Stadt tragen.<\/p>\n<p>Mit der besten und \u00e4ltesten &#8222;Technologie&#8220;, damit sich Ihre Zehen nicht zwischen den Zehen streiten: Mehr Platz<\/p>\n<p>Der breite Barefoot 2 Toe Box erm\u00f6glicht es Ihren F\u00fc\u00dfen und Zehen, sich frei auszubreiten, ohne dass sie auf der Suche nach ihrem Platz aufeinander reiten, sich verformen und Scheuerstellen verursachen m\u00fcssen.<\/p>\n<p>Es ist Platz f\u00fcr alle und mehr.<\/p>\n<p>Und das mit der Sohle eines Raupenfahrzeugs.<\/p>\n<p>Mit der innovativen Quantum Grip-Sohle bewegen Sie sich m\u00fchelos auf jedem Untergrund, egal ob er weich, nass oder trocken ist. Die Stollen greifen auf jeder Art von Oberfl\u00e4che und in jeder Spalte, auch seitw\u00e4rts.<\/p>\n<p>Die umlaufende Sohle steigt an den Seiten an, um Ihnen in jedem Winkel noch mehr Traktion zu bieten, egal ob Sie einen Berg hinauf- oder hinabsteigen. Ein echter Panzer.<\/p>\n<p><b>Audio-Beschreibung<\/b><br \/><audio controls src=\"https:\/\/schuhewiebarfuss.at\/shop\/wp-content\/uploads\/lk\/6034_audio.wav\"><br \/>\n                                            Ihr Browser unterst\u00fctzt diese Audio-Ausgabe leider nicht.<br \/>\n                                            <\/ audio ><\/p>\n","protected":false},"excerpt":{"rendered":"<p>Merrell WRAPT<\/p>\n<p>Obermaterial: Schweinsleder<br \/>\nInnenmaterial: Mesh<br \/>\nSohle: Gebirgstaugliche Merrell Quantum Grip\u2122 Gummi-Laufsohle<br \/>\nVerschlussart: Schn\u00fcrung<br \/>\nWasserdicht <\/p>\n","protected":false},"featured_media":790402,"comment_status":"open","ping_status":"closed","template":"","meta":[],"product_brand":[],"product_cat":[839],"product_tag":[1544,1371,1570,1408,1375,1376,1377,1378,1379,1380,1381,1449,2468],"class_list":{"0":"post-469651","1":"product","2":"type-product","3":"status-publish","4":"has-post-thumbnail","6":"product_cat-wanderschuhe-2","7":"product_tag-farbe-braun","8":"product_tag-farbe-grau","9":"product_tag-farbe-gruen","10":"product_tag-farbe-schwarz","11":"product_tag-groesse-40","12":"product_tag-groesse-41","13":"product_tag-groesse-42","14":"product_tag-groesse-43","15":"product_tag-groesse-44","16":"product_tag-groesse-45","17":"product_tag-groesse-46","18":"product_tag-groesse-47","19":"product_tag-marke-merrell","21":"first","22":"instock","23":"taxable","24":"shipping-taxable","25":"purchasable","26":"product-type-variable"},"_links":{"self":[{"href":"https:\/\/schuhewiebarfuss.at\/shop\/wp-json\/wp\/v2\/product\/469651","targetHints":{"allow":["GET"]}}],"collection":[{"href":"https:\/\/schuhewiebarfuss.at\/shop\/wp-json\/wp\/v2\/product"}],"about":[{"href":"https:\/\/schuhewiebarfuss.at\/shop\/wp-json\/wp\/v2\/types\/product"}],"replies":[{"embeddable":true,"href":"https:\/\/schuhewiebarfuss.at\/shop\/wp-json\/wp\/v2\/comments?post=469651"}],"wp:featuredmedia":[{"embeddable":true,"href":"https:\/\/schuhewiebarfuss.at\/shop\/wp-json\/wp\/v2\/media\/790402"}],"wp:attachment":[{"href":"https:\/\/schuhewiebarfuss.at\/shop\/wp-json\/wp\/v2\/media?parent=469651"}],"wp:term":[{"taxonomy":"product_brand","embeddable":true,"href":"https:\/\/schuhewiebarfuss.at\/shop\/wp-json\/wp\/v2\/product_brand?post=469651"},{"taxonomy":"product_cat","embeddable":true,"href":"https:\/\/schuhewiebarfuss.at\/shop\/wp-json\/wp\/v2\/product_cat?post=469651"},{"taxonomy":"product_tag","embeddable":true,"href":"https:\/\/schuhewiebarfuss.at\/shop\/wp-json\/wp\/v2\/product_tag?post=469651"}],"curies":[{"name":"wp","href":"https:\/\/api.w.org\/{rel}","templated":true}]}}