{"id":469453,"date":"2024-04-02T23:39:32","date_gmt":"2024-04-02T21:39:32","guid":{"rendered":"https:\/\/schuhewiebarfuss.at\/shop\/produkt\/juliet-damen-braun\/"},"modified":"2025-04-06T08:46:25","modified_gmt":"2025-04-06T06:46:25","slug":"juliet-damen-braun","status":"publish","type":"product","link":"https:\/\/schuhewiebarfuss.at\/shop\/produkt\/juliet-damen-braun\/","title":{"rendered":"Juliet Damen Braun"},"content":{"rendered":"<p>Das Sole Runner Konzept wird bei der neuen modischen Damensandale Juliet konsequent fortgef\u00fchrt.<br \/>\nBei diesem neuen Modell handelt es sich um eine Damensandale aus einem extrem handschuhweichen Oberleder, das Innenfutter ist aus weichem Funktionsfleece, so dass sich diese Sandale angenehm an den Fu\u00df schmiegt.<\/p>\n<p>Der Kn\u00f6chelriemen \u00fcber dem Spann wird durch einen Klettverschluss geschlossen. Ein Festmachen \u00fcber die Schlie\u00dfe ist nicht n\u00f6tig.<br \/>\nAm Riemenende an der Innensohle befindet sich zus\u00e4tzlich ein Gummizug.<br \/>\nDer breitere Riemen \u00fcber den Zehen wird ebenfalls durch einen Klettverschluss geschlossen.<br \/>\nSo h\u00e4lt die Sandale sicher am Fu\u00df und kann durch den Klettverschluss individuell angepasst werden, ohne das jedesmal die Schlie\u00dfe bet\u00e4tigt werden muss.<\/p>\n<p>Im Bereich der Ferse findet sich ein kleiner Schaumstoff Pad, so dass man auf harten B\u00f6den oder wenn in den Fersengang zur\u00fcck gefallen wird, nicht gleich die Ferse schmerzt.<\/p>\n<p>Zur Pflege dieses feinen Leders empfehlen wir handels\u00fcbliches Impr\u00e4gnierspray,<br \/>\nDa ein Fu\u00df im Schuh beim Gehen immer noch etwas nach vorn rutscht, bitte zu der gemessenen Fu\u00dfl\u00e4nge noch ca. 3-5 mm addieren.<\/p>\n<p>Obermaterial: feinstes Leder, wasserabweisend<br \/>\nInnenmaterial: Funktionsfleece<br \/>\nVerschluss: Klettverschluss<br \/>\nForm: Normal (Weite F)<br \/>\nGr\u00f6\u00dfen: 36-42<br \/>\nGewicht: Gr\u00f6sse 39 226g\/Paar<br \/>\nLaufsohle: ca. 3 mm Gummi, Non Marking (nicht abf\u00e4rbend).<br \/>\nErlaubt einen m\u00f6glichst direkten Kontakt zum Boden. Fast wie Gehen auf der eigenen Fu\u00dfsohle.<\/p>\n<p><b>Audio-Beschreibung<\/b><br \/>\n<audio src=\"https:\/\/schuhewiebarfuss.at\/shop\/wp-content\/uploads\/lk\/9492_audio.wav\" controls=\"controls\"><br \/>\nIhr Browser unterst\u00fctzt diese Audio-Ausgabe leider nicht.<br \/>\n&lt;\/ audio &gt;<\/audio><\/p>\n","protected":false},"excerpt":{"rendered":"<p>Modischen Damensandale Juliet<\/p>\n<p>Obermaterial: feinstes Leder, wasserabweisend<br \/>\nInnenmaterial: Funktionsfleece<br \/>\nVerschluss: Klettverschluss<br \/>\nForm: Normal (Weite F)<br \/>\nGr\u00f6\u00dfen: 36-42<br \/>\nGewicht: Gr\u00f6sse 39 226g\/Paar<br \/>\nLaufsohle: ca. 3 mm Gummi, Non Marking<\/p>\n","protected":false},"featured_media":513571,"comment_status":"open","ping_status":"closed","template":"","meta":[],"product_brand":[],"product_cat":[831],"product_tag":[1362,1368,1373,1374,1375,1376,1377,2449,1450],"class_list":{"0":"post-469453","1":"product","2":"type-product","3":"status-publish","4":"has-post-thumbnail","6":"product_cat-sandalen-1","7":"product_tag-groesse-36","8":"product_tag-groesse-37","9":"product_tag-groesse-38","10":"product_tag-groesse-39","11":"product_tag-groesse-40","12":"product_tag-groesse-41","13":"product_tag-groesse-42","14":"product_tag-marke-sole-runner","15":"product_tag-sale","17":"first","18":"instock","19":"sale","20":"taxable","21":"shipping-taxable","22":"purchasable","23":"product-type-variable"},"_links":{"self":[{"href":"https:\/\/schuhewiebarfuss.at\/shop\/wp-json\/wp\/v2\/product\/469453","targetHints":{"allow":["GET"]}}],"collection":[{"href":"https:\/\/schuhewiebarfuss.at\/shop\/wp-json\/wp\/v2\/product"}],"about":[{"href":"https:\/\/schuhewiebarfuss.at\/shop\/wp-json\/wp\/v2\/types\/product"}],"replies":[{"embeddable":true,"href":"https:\/\/schuhewiebarfuss.at\/shop\/wp-json\/wp\/v2\/comments?post=469453"}],"wp:featuredmedia":[{"embeddable":true,"href":"https:\/\/schuhewiebarfuss.at\/shop\/wp-json\/wp\/v2\/media\/513571"}],"wp:attachment":[{"href":"https:\/\/schuhewiebarfuss.at\/shop\/wp-json\/wp\/v2\/media?parent=469453"}],"wp:term":[{"taxonomy":"product_brand","embeddable":true,"href":"https:\/\/schuhewiebarfuss.at\/shop\/wp-json\/wp\/v2\/product_brand?post=469453"},{"taxonomy":"product_cat","embeddable":true,"href":"https:\/\/schuhewiebarfuss.at\/shop\/wp-json\/wp\/v2\/product_cat?post=469453"},{"taxonomy":"product_tag","embeddable":true,"href":"https:\/\/schuhewiebarfuss.at\/shop\/wp-json\/wp\/v2\/product_tag?post=469453"}],"curies":[{"name":"wp","href":"https:\/\/api.w.org\/{rel}","templated":true}]}}