{"id":10,"date":"2022-08-18T16:50:22","date_gmt":"2022-08-18T14:50:22","guid":{"rendered":"https:\/\/schuhewiebarfuss.at\/linz\/?page_id=10"},"modified":"2026-01-30T17:32:31","modified_gmt":"2026-01-30T16:32:31","slug":"geschaeft","status":"publish","type":"page","link":"https:\/\/schuhewiebarfuss.at\/linz\/","title":{"rendered":""},"content":{"rendered":"\n<h2 class=\"wp-block-heading\" id=\"block-00235f1b-2101-4516-a0bf-3fb5416d0c35\"><br>Wie f\u00fchlt sich so ein Barfu\u00dfschuh eigentlich an?<\/h2>\n\n\n\n<p id=\"block-117996e8-ca7e-48d4-a2a5-30b4e562aabe\">Komm vorbei und probier\u00b4s ganz einfach aus!<\/p>\n\n\n\n<p id=\"block-2117b7e0-4151-4d3e-8639-e8163ef95310\">Im Gesch\u00e4ft in Linz kannst Du die Modelle deiner Wahl anprobieren und Dich von unseren Barfu\u00dfschuh-Experten beraten lassen.<\/p>\n\n\n\n<p id=\"block-eee24e32-78e4-4f08-8150-a33f4c6470c7\">Au\u00dferdem steht f\u00fcr Dich eine Laufbahn mit verschiedenen Oberfl\u00e4chen bereit. Darauf kannst Du schon vor dem Kauf ausprobieren, wie sich ein Barfu\u00dfschuh im wirklichen Leben anf\u00fchlt.<\/p>\n\n\n\n<p><\/p>\n\n\n\n<figure class=\"wp-block-gallery has-nested-images columns-default is-cropped wp-block-gallery-1 is-layout-flex wp-block-gallery-is-layout-flex\">\n<figure class=\"wp-block-image size-large\"><img loading=\"lazy\" decoding=\"async\" width=\"1024\" height=\"768\" data-id=\"85\" src=\"https:\/\/schuhewiebarfuss.at\/linz\/wp-content\/uploads\/sites\/11\/2024\/05\/IMG_20240504_120750-1024x768.jpg\" alt=\"\" class=\"wp-image-85\" srcset=\"https:\/\/schuhewiebarfuss.at\/linz\/wp-content\/uploads\/sites\/11\/2024\/05\/IMG_20240504_120750-1024x768.jpg 1024w, https:\/\/schuhewiebarfuss.at\/linz\/wp-content\/uploads\/sites\/11\/2024\/05\/IMG_20240504_120750-300x225.jpg 300w, https:\/\/schuhewiebarfuss.at\/linz\/wp-content\/uploads\/sites\/11\/2024\/05\/IMG_20240504_120750-768x576.jpg 768w, https:\/\/schuhewiebarfuss.at\/linz\/wp-content\/uploads\/sites\/11\/2024\/05\/IMG_20240504_120750-1536x1152.jpg 1536w, https:\/\/schuhewiebarfuss.at\/linz\/wp-content\/uploads\/sites\/11\/2024\/05\/IMG_20240504_120750-2048x1536.jpg 2048w\" sizes=\"auto, (max-width: 1024px) 100vw, 1024px\" \/><\/figure>\n\n\n\n<figure class=\"wp-block-image size-large\"><img loading=\"lazy\" decoding=\"async\" width=\"768\" height=\"1024\" data-id=\"87\" src=\"https:\/\/schuhewiebarfuss.at\/linz\/wp-content\/uploads\/sites\/11\/2024\/05\/IMG_20240504_120813-768x1024.jpg\" alt=\"\" class=\"wp-image-87\" srcset=\"https:\/\/schuhewiebarfuss.at\/linz\/wp-content\/uploads\/sites\/11\/2024\/05\/IMG_20240504_120813-768x1024.jpg 768w, https:\/\/schuhewiebarfuss.at\/linz\/wp-content\/uploads\/sites\/11\/2024\/05\/IMG_20240504_120813-225x300.jpg 225w, https:\/\/schuhewiebarfuss.at\/linz\/wp-content\/uploads\/sites\/11\/2024\/05\/IMG_20240504_120813-1152x1536.jpg 1152w, https:\/\/schuhewiebarfuss.at\/linz\/wp-content\/uploads\/sites\/11\/2024\/05\/IMG_20240504_120813-1536x2048.jpg 1536w, https:\/\/schuhewiebarfuss.at\/linz\/wp-content\/uploads\/sites\/11\/2024\/05\/IMG_20240504_120813-scaled.jpg 1920w\" sizes=\"auto, (max-width: 768px) 100vw, 768px\" \/><\/figure>\n\n\n\n<figure class=\"wp-block-image size-large\"><img loading=\"lazy\" decoding=\"async\" width=\"1024\" height=\"768\" data-id=\"84\" src=\"https:\/\/schuhewiebarfuss.at\/linz\/wp-content\/uploads\/sites\/11\/2024\/05\/IMG_20240504_122125-1024x768.jpg\" alt=\"\" class=\"wp-image-84\" srcset=\"https:\/\/schuhewiebarfuss.at\/linz\/wp-content\/uploads\/sites\/11\/2024\/05\/IMG_20240504_122125-1024x768.jpg 1024w, https:\/\/schuhewiebarfuss.at\/linz\/wp-content\/uploads\/sites\/11\/2024\/05\/IMG_20240504_122125-300x225.jpg 300w, https:\/\/schuhewiebarfuss.at\/linz\/wp-content\/uploads\/sites\/11\/2024\/05\/IMG_20240504_122125-768x576.jpg 768w, https:\/\/schuhewiebarfuss.at\/linz\/wp-content\/uploads\/sites\/11\/2024\/05\/IMG_20240504_122125-1536x1152.jpg 1536w, https:\/\/schuhewiebarfuss.at\/linz\/wp-content\/uploads\/sites\/11\/2024\/05\/IMG_20240504_122125-2048x1536.jpg 2048w\" sizes=\"auto, (max-width: 1024px) 100vw, 1024px\" \/><\/figure>\n\n\n\n<figure class=\"wp-block-image size-large\"><img loading=\"lazy\" decoding=\"async\" width=\"1024\" height=\"768\" data-id=\"88\" src=\"https:\/\/schuhewiebarfuss.at\/linz\/wp-content\/uploads\/sites\/11\/2024\/05\/IMG_20240504_122137-1024x768.jpg\" alt=\"\" class=\"wp-image-88\" srcset=\"https:\/\/schuhewiebarfuss.at\/linz\/wp-content\/uploads\/sites\/11\/2024\/05\/IMG_20240504_122137-1024x768.jpg 1024w, https:\/\/schuhewiebarfuss.at\/linz\/wp-content\/uploads\/sites\/11\/2024\/05\/IMG_20240504_122137-300x225.jpg 300w, https:\/\/schuhewiebarfuss.at\/linz\/wp-content\/uploads\/sites\/11\/2024\/05\/IMG_20240504_122137-768x576.jpg 768w, https:\/\/schuhewiebarfuss.at\/linz\/wp-content\/uploads\/sites\/11\/2024\/05\/IMG_20240504_122137-1536x1152.jpg 1536w, https:\/\/schuhewiebarfuss.at\/linz\/wp-content\/uploads\/sites\/11\/2024\/05\/IMG_20240504_122137-2048x1536.jpg 2048w\" sizes=\"auto, (max-width: 1024px) 100vw, 1024px\" \/><\/figure>\n\n\n\n<figure class=\"wp-block-image\"><img decoding=\"async\" src=\"https:\/\/schuhewiebarfuss.at\/42293047-1e30-4f36-958d-a0082741075b\" alt=\"\" \/><\/figure>\n\n\n\n<figure class=\"wp-block-image size-large\"><img loading=\"lazy\" decoding=\"async\" width=\"768\" height=\"1024\" data-id=\"89\" src=\"https:\/\/schuhewiebarfuss.at\/linz\/wp-content\/uploads\/sites\/11\/2024\/05\/IMG_20240504_125042-768x1024.jpg\" alt=\"\" class=\"wp-image-89\" srcset=\"https:\/\/schuhewiebarfuss.at\/linz\/wp-content\/uploads\/sites\/11\/2024\/05\/IMG_20240504_125042-768x1024.jpg 768w, https:\/\/schuhewiebarfuss.at\/linz\/wp-content\/uploads\/sites\/11\/2024\/05\/IMG_20240504_125042-225x300.jpg 225w, https:\/\/schuhewiebarfuss.at\/linz\/wp-content\/uploads\/sites\/11\/2024\/05\/IMG_20240504_125042-1152x1536.jpg 1152w, https:\/\/schuhewiebarfuss.at\/linz\/wp-content\/uploads\/sites\/11\/2024\/05\/IMG_20240504_125042-1536x2048.jpg 1536w, https:\/\/schuhewiebarfuss.at\/linz\/wp-content\/uploads\/sites\/11\/2024\/05\/IMG_20240504_125042-scaled.jpg 1920w\" sizes=\"auto, (max-width: 768px) 100vw, 768px\" \/><\/figure>\n<\/figure>\n\n\n\n<p><\/p>\n\n\n\n<h2 class=\"wp-block-heading\" id=\"block-9bfd6cdf-7970-4b28-a65a-7e8c64aea992\">Das Team von Schuhe wie Barfuss:<\/h2>\n\n\n\n<p id=\"block-5598c320-aa85-40c8-ae18-35452d9dc7c2\">Fragen rund um das Thema barfu\u00df gehen und Barfu\u00dfschuhe beantworten Dir das Team von Schuhe wie Barfuss mit profundem Fachwissen.<\/p>\n\n\n\n<p id=\"block-510589f6-f19b-42e1-bfbe-7ffcb5b4104f\">Sie tragen selbst fast ausschlie\u00dflich Barfu\u00dfschuhe und wissen wovon Sie reden!<\/p>\n\n\n\n<p>Shamal und Semra begr\u00fc\u00dfen sie gerne im Schuhe wie barfuss Store in Linz.<\/p>\n\n\n\n<h2 class=\"wp-block-heading\" id=\"block-295eff0a-8b1c-4b77-a1cc-b945816681f3\">Wann und wo kriegst Du Barfu\u00dfschuhe?<\/h2>\n\n\n\n<p id=\"block-612b0d0d-4463-4749-b28b-834fea25caa1\">In der Marienstra\u00dfe 8  in Linz sind wir zu folgenden Zeiten f\u00fcr Dich da:<\/p>\n\n\n\n<ul class=\"wp-block-list\">\n<li>Montag \u2013 Freitag: 10:00 &#8211; 13:00 Uhr und 13:30 &#8211; 18:00 Uhr<\/li>\n\n\n\n<li>Samstag: 10:00 Uhr \u2013 15:00 Uhr<\/li>\n<\/ul>\n\n\n\n<p>Du erreichst uns telefonisch unter +43 (0) 7328 60161<\/p>\n\n\n\n<p>und schriftlich unter linz@schuhewiebarfuss.at<\/p>\n\n\n","protected":false},"excerpt":{"rendered":"<p>Wie f\u00fchlt sich so ein Barfu\u00dfschuh eigentlich an? Komm vorbei und probier\u00b4s ganz einfach aus! Im Gesch\u00e4ft in Linz kannst Du die Modelle deiner Wahl anprobieren und Dich von unseren Barfu\u00dfschuh-Experten beraten lassen. Au\u00dferdem steht f\u00fcr Dich eine Laufbahn mit verschiedenen Oberfl\u00e4chen bereit. Darauf kannst Du schon vor dem Kauf ausprobieren, wie sich ein Barfu\u00dfschuh [&hellip;]<\/p>\n","protected":false},"author":1,"featured_media":0,"parent":0,"menu_order":0,"comment_status":"closed","ping_status":"closed","template":"","meta":{"site-sidebar-layout":"default","site-content-layout":"","ast-site-content-layout":"default","site-content-style":"default","site-sidebar-style":"default","ast-global-header-display":"","ast-banner-title-visibility":"","ast-main-header-display":"","ast-hfb-above-header-display":"","ast-hfb-below-header-display":"","ast-hfb-mobile-header-display":"","site-post-title":"","ast-breadcrumbs-content":"","ast-featured-img":"","footer-sml-layout":"","ast-disable-related-posts":"","theme-transparent-header-meta":"","adv-header-id-meta":"","stick-header-meta":"","header-above-stick-meta":"","header-main-stick-meta":"","header-below-stick-meta":"","astra-migrate-meta-layouts":"set","ast-page-background-enabled":"default","ast-page-background-meta":{"desktop":{"background-color":"","background-image":"","background-repeat":"repeat","background-position":"center center","background-size":"auto","background-attachment":"scroll","background-type":"","background-media":"","overlay-type":"","overlay-color":"","overlay-opacity":"","overlay-gradient":""},"tablet":{"background-color":"","background-image":"","background-repeat":"repeat","background-position":"center center","background-size":"auto","background-attachment":"scroll","background-type":"","background-media":"","overlay-type":"","overlay-color":"","overlay-opacity":"","overlay-gradient":""},"mobile":{"background-color":"","background-image":"","background-repeat":"repeat","background-position":"center center","background-size":"auto","background-attachment":"scroll","background-type":"","background-media":"","overlay-type":"","overlay-color":"","overlay-opacity":"","overlay-gradient":""}},"ast-content-background-meta":{"desktop":{"background-color":"var(--ast-global-color-5)","background-image":"","background-repeat":"repeat","background-position":"center center","background-size":"auto","background-attachment":"scroll","background-type":"","background-media":"","overlay-type":"","overlay-color":"","overlay-opacity":"","overlay-gradient":""},"tablet":{"background-color":"var(--ast-global-color-5)","background-image":"","background-repeat":"repeat","background-position":"center center","background-size":"auto","background-attachment":"scroll","background-type":"","background-media":"","overlay-type":"","overlay-color":"","overlay-opacity":"","overlay-gradient":""},"mobile":{"background-color":"var(--ast-global-color-5)","background-image":"","background-repeat":"repeat","background-position":"center center","background-size":"auto","background-attachment":"scroll","background-type":"","background-media":"","overlay-type":"","overlay-color":"","overlay-opacity":"","overlay-gradient":""}},"footnotes":""},"class_list":["post-10","page","type-page","status-publish","hentry"],"_links":{"self":[{"href":"https:\/\/schuhewiebarfuss.at\/linz\/wp-json\/wp\/v2\/pages\/10","targetHints":{"allow":["GET"]}}],"collection":[{"href":"https:\/\/schuhewiebarfuss.at\/linz\/wp-json\/wp\/v2\/pages"}],"about":[{"href":"https:\/\/schuhewiebarfuss.at\/linz\/wp-json\/wp\/v2\/types\/page"}],"author":[{"embeddable":true,"href":"https:\/\/schuhewiebarfuss.at\/linz\/wp-json\/wp\/v2\/users\/1"}],"replies":[{"embeddable":true,"href":"https:\/\/schuhewiebarfuss.at\/linz\/wp-json\/wp\/v2\/comments?post=10"}],"version-history":[{"count":6,"href":"https:\/\/schuhewiebarfuss.at\/linz\/wp-json\/wp\/v2\/pages\/10\/revisions"}],"predecessor-version":[{"id":99,"href":"https:\/\/schuhewiebarfuss.at\/linz\/wp-json\/wp\/v2\/pages\/10\/revisions\/99"}],"wp:attachment":[{"href":"https:\/\/schuhewiebarfuss.at\/linz\/wp-json\/wp\/v2\/media?parent=10"}],"curies":[{"name":"wp","href":"https:\/\/api.w.org\/{rel}","templated":true}]}}